{"id":63801,"date":"2026-04-26T17:42:43","date_gmt":"2026-04-26T15:42:43","guid":{"rendered":"https:\/\/andanafoto.com\/?post_type=podcast&#038;p=63801"},"modified":"2026-04-26T17:42:43","modified_gmt":"2026-04-26T15:42:43","slug":"artista-rinko-kawauchi-la-belleza-de-lo-cotidiano","status":"publish","type":"podcast","link":"https:\/\/andanafoto.com\/en\/podcast\/artista-rinko-kawauchi-la-belleza-de-lo-cotidiano\/","title":{"rendered":"Artista Rinko Kawauchi. La belleza de lo cotidiano"},"content":{"rendered":"<p>&nbsp;<\/p>\n<p>Seguro que alguna vez te has quedado un poco empanado mirando una mosca o una mota de polvo.<\/p>\n<p>Justo esa sensaci\u00f3n es la que la fot\u00f3grafa japonesa <span class=\"whitespace-normal\">Rinko Kawauchi<\/span> convierte en arte. Transforma lo cotidiano en algo casi sagrado.<\/p>\n<p>Su fotograf\u00eda no busca la espectacularidad, sino la delicadeza de lo peque\u00f1o: una gota de agua, la luz filtr\u00e1ndose por una cortina, un gesto m\u00ednimo que normalmente pasar\u00eda desapercibido.<\/p>\n<p>Tiene la capacidad de detener el tiempo y generar una sensaci\u00f3n de calma. Sus im\u00e1genes est\u00e1n llenas de luz suave, tonos claros y una especie de silencio visual para respirar m\u00e1s despacio.<\/p>\n<p>Es una fotograf\u00eda muy conectada con la idea de mindfulness, aunque no lo nombre directamente: mirar con atenci\u00f3n,sin juzgar, simplemente estando.<\/p>\n<p>Kawauchi nos recuerda que la belleza no est\u00e1 en lo extraordinario, sino en la forma en que miramos lo ordinario.<br \/>\nY quiz\u00e1 ah\u00ed est\u00e1 su mayor ense\u00f1anza: no hace falta ir lejos ni esperar grandes momentos para crear im\u00e1genes significativas\u2026 llenas de bienestar.<\/p>\n<p>Etiquetas: Rinko Kawauchi, fotograf\u00eda art\u00edstica, fotograf\u00eda japonesa, belleza cotidiana, mindfulness, fotograf\u00eda contemplativa, mirada consciente, luz natural, vida cotidiana, calma mental, est\u00e9tica visual, observaci\u00f3n, fotograf\u00eda po\u00e9tica, bienestar emocional<\/p>\n<p>Si quieres aprender m\u00e1s sobre fotograf\u00eda y desarrollo personal te invito a conocer:<\/p>\n<p><a href=\"https:\/\/andanafoto.com\/fotografia-y-mindfulness\/\"><strong>Fotograf\u00eda y Mindfulness<\/strong><\/a><br \/>\nUna experiencia \u00fanica que combina la atenci\u00f3n plena con la fotograf\u00eda para desarrollar una nueva forma de mirar el mundo.<\/p>\n<p>&nbsp;<\/p>\n","protected":false},"excerpt":{"rendered":"<p>Seguro que alguna vez te has quedado un poco empanado mirando una mosca o una mota de polvo.<\/p>\n","protected":false},"author":2,"featured_media":0,"menu_order":0,"comment_status":"open","ping_status":"closed","template":"","meta":{"episode_type":"audio","audio_file":"https:\/\/andanafoto.com\/wp-content\/uploads\/2026\/04\/44-Artista-Rinko-Kawauchi-La-belleza-de-lo-cotidiano_web.mp3","podmotor_file_id":"","podmotor_episode_id":"","cover_image":"https:\/\/andanafoto.com\/wp-content\/uploads\/2024\/09\/ERES-AQUELLO-QUE-MIRAS-Podcat-portada.jpg","cover_image_id":"58911","duration":"00:01:00","filesize":"455.83k","filesize_raw":"466775","date_recorded":"2026-04-26 17:41:29","explicit":"","block":"","itunes_episode_number":"","itunes_title":"","itunes_season_number":"","itunes_episode_type":""},"tags":[],"series":[567],"speaker":[577],"class_list":["post-63801","podcast","type-podcast","status-publish","hentry","series-eresaquelloquemiras","speaker-amparo-munoz-morella","description-off"],"episode_featured_image":false,"episode_player_image":"https:\/\/andanafoto.com\/wp-content\/uploads\/2024\/09\/ERES-AQUELLO-QUE-MIRAS-Podcat-portada.jpg","download_link":"https:\/\/andanafoto.com\/en\/podcast-download\/63801\/artista-rinko-kawauchi-la-belleza-de-lo-cotidiano.mp3","player_link":"https:\/\/andanafoto.com\/en\/podcast-player\/63801\/artista-rinko-kawauchi-la-belleza-de-lo-cotidiano.mp3","audio_player":null,"episode_data":{"playerMode":"dark","subscribeUrls":{"amazon":{"key":"amazon","url":"","label":"Amazon","class":"amazon","icon":"amazon.png"},"anchor":{"key":"anchor","url":"","label":"Anchor","class":"anchor","icon":"anchor.png"},"audible":{"key":"audible","url":"","label":"Audible","class":"audible","icon":"audible.png"},"apple_podcasts":{"key":"apple_podcasts","url":"https:\/\/podcasts.apple.com\/us\/podcast\/eres-quello-que-miras\/id1893321025","label":"Apple Podcasts","class":"apple_podcasts","icon":"apple-podcasts.png"},"castbox":{"key":"castbox","url":"","label":"CastBox","class":"castbox","icon":"castbox.png"},"castro":{"key":"castro","url":"","label":"Castro","class":"castro","icon":"castro.png"},"google_podcasts":{"key":"google_podcasts","url":"","label":"Google Podcasts","class":"google_podcasts","icon":"google-podcasts.png"},"pocketcasts":{"key":"pocketcasts","url":"https:\/\/pca.st\/572n09h8","label":"PocketCasts","class":"pocketcasts","icon":"pocketcasts.png"},"rss":{"key":"rss","url":"https:\/\/andanafoto.com\/feed\/podcast\/eresaquelloquemiras\/","label":"RSS","class":"rss","icon":"rss.png"},"spotify":{"key":"spotify","url":"https:\/\/open.spotify.com\/show\/2OkUjYTCp8ZMsiYxkpxYCD","label":"Spotify","class":"spotify","icon":"spotify.png"},"spreaker":{"key":"spreaker","url":"https:\/\/www.spreaker.com\/podcast\/eres-quello-que-miras--6951799","label":"Spreaker","class":"spreaker","icon":"spreaker.png"},"stitcher":{"key":"stitcher","url":"","label":"Stitcher","class":"stitcher","icon":"stitcher.png"},"itunes":{"key":"itunes","url":"","label":"iTunes","class":"itunes","icon":"itunes.png"},"ivoox":{"key":"ivoox","url":"https:\/\/go.ivoox.com\/sq\/3148613","label":"iVoox","class":"ivoox","icon":"ivoox.png"}},"rssFeedUrl":"https:\/\/andanafoto.com\/en\/feed\/podcast\/eresaquelloquemiras","embedCode":"<blockquote class=\"wp-embedded-content\" data-secret=\"KU12RxWSiz\"><a href=\"https:\/\/andanafoto.com\/en\/podcast\/artista-rinko-kawauchi-la-belleza-de-lo-cotidiano\/\">Artista Rinko Kawauchi. La belleza de lo cotidiano<\/a><\/blockquote><iframe sandbox=\"allow-scripts\" security=\"restricted\" src=\"https:\/\/andanafoto.com\/en\/podcast\/artista-rinko-kawauchi-la-belleza-de-lo-cotidiano\/embed\/#?secret=KU12RxWSiz\" width=\"500\" height=\"350\" title=\"&#8220;Artista Rinko Kawauchi. La belleza de lo cotidiano&#8221; &#8212; ANDANAfoto.com\" data-secret=\"KU12RxWSiz\" frameborder=\"0\" marginwidth=\"0\" marginheight=\"0\" scrolling=\"no\" class=\"wp-embedded-content\"><\/iframe><script>\n\/*! This file is auto-generated *\/\n!function(d,l){\"use strict\";l.querySelector&&d.addEventListener&&\"undefined\"!=typeof URL&&(d.wp=d.wp||{},d.wp.receiveEmbedMessage||(d.wp.receiveEmbedMessage=function(e){var t=e.data;if((t||t.secret||t.message||t.value)&&!\/[^a-zA-Z0-9]\/.test(t.secret)){for(var s,r,n,a=l.querySelectorAll('iframe[data-secret=\"'+t.secret+'\"]'),o=l.querySelectorAll('blockquote[data-secret=\"'+t.secret+'\"]'),c=new RegExp(\"^https?:$\",\"i\"),i=0;i<o.length;i++)o[i].style.display=\"none\";for(i=0;i<a.length;i++)s=a[i],e.source===s.contentWindow&&(s.removeAttribute(\"style\"),\"height\"===t.message?(1e3<(r=parseInt(t.value,10))?r=1e3:~~r<200&&(r=200),s.height=r):\"link\"===t.message&&(r=new URL(s.getAttribute(\"src\")),n=new URL(t.value),c.test(n.protocol))&&n.host===r.host&&l.activeElement===s&&(d.top.location.href=t.value))}},d.addEventListener(\"message\",d.wp.receiveEmbedMessage,!1),l.addEventListener(\"DOMContentLoaded\",function(){for(var e,t,s=l.querySelectorAll(\"iframe.wp-embedded-content\"),r=0;r<s.length;r++)(t=(e=s[r]).getAttribute(\"data-secret\"))||(t=Math.random().toString(36).substring(2,12),e.src+=\"#?secret=\"+t,e.setAttribute(\"data-secret\",t)),e.contentWindow.postMessage({message:\"ready\",secret:t},\"*\")},!1)))}(window,document);\n\/\/# sourceURL=https:\/\/andanafoto.com\/wp-includes\/js\/wp-embed.min.js\n<\/script>\n"},"_links":{"self":[{"href":"https:\/\/andanafoto.com\/en\/wp-json\/wp\/v2\/podcast\/63801","targetHints":{"allow":["GET"]}}],"collection":[{"href":"https:\/\/andanafoto.com\/en\/wp-json\/wp\/v2\/podcast"}],"about":[{"href":"https:\/\/andanafoto.com\/en\/wp-json\/wp\/v2\/types\/podcast"}],"author":[{"embeddable":true,"href":"https:\/\/andanafoto.com\/en\/wp-json\/wp\/v2\/users\/2"}],"replies":[{"embeddable":true,"href":"https:\/\/andanafoto.com\/en\/wp-json\/wp\/v2\/comments?post=63801"}],"wp:attachment":[{"href":"https:\/\/andanafoto.com\/en\/wp-json\/wp\/v2\/media?parent=63801"}],"wp:term":[{"taxonomy":"post_tag","embeddable":true,"href":"https:\/\/andanafoto.com\/en\/wp-json\/wp\/v2\/tags?post=63801"},{"taxonomy":"series","embeddable":true,"href":"https:\/\/andanafoto.com\/en\/wp-json\/wp\/v2\/series?post=63801"},{"taxonomy":"speaker","embeddable":true,"href":"https:\/\/andanafoto.com\/en\/wp-json\/wp\/v2\/speaker?post=63801"}],"curies":[{"name":"wp","href":"https:\/\/api.w.org\/{rel}","templated":true}]}}

<p>&nbsp;</p>
<p>Seguro que alguna vez te has quedado un poco empanado mirando una mosca o una mota de polvo.</p>
<p>Justo esa sensación es la que la fotógrafa japonesa <span class="whitespace-normal">Rinko Kawauchi</span> convierte en arte. Transforma lo cotidiano en algo casi sagrado.</p>
<p>Su fotografía no busca la espectacularidad, sino la delicadeza de lo pequeño: una gota de agua, la luz filtrándose por una cortina, un gesto mínimo que normalmente pasaría desapercibido.</p>
<p>Tiene la capacidad de detener el tiempo y generar una sensación de calma. Sus imágenes están llenas de luz suave, tonos claros y una especie de silencio visual para respirar más despacio.</p>
<p>Es una fotografía muy conectada con la idea de mindfulness, aunque no lo nombre directamente: mirar con atención,sin juzgar, simplemente estando.</p>
<p>Kawauchi nos recuerda que la belleza no está en lo extraordinario, sino en la forma en que miramos lo ordinario.<br />
Y quizá ahí está su mayor enseñanza: no hace falta ir lejos ni esperar grandes momentos para crear imágenes significativas… llenas de bienestar.</p>
<p>Etiquetas: Rinko Kawauchi, fotografía artística, fotografía japonesa, belleza cotidiana, mindfulness, fotografía contemplativa, mirada consciente, luz natural, vida cotidiana, calma mental, estética visual, observación, fotografía poética, bienestar emocional</p>
<p>Si quieres aprender más sobre fotografía y desarrollo personal te invito a conocer:</p>
<p><a href="https://andanafoto.com/fotografia-y-mindfulness/"><strong>Fotografía y Mindfulness</strong></a><br />
Una experiencia única que combina la atención plena con la fotografía para desarrollar una nueva forma de mirar el mundo.</p>
<p>&nbsp;</p>
