{"id":63788,"date":"2026-04-24T11:55:54","date_gmt":"2026-04-24T09:55:54","guid":{"rendered":"https:\/\/andanafoto.com\/?post_type=podcast&#038;p=63788"},"modified":"2026-04-24T11:57:16","modified_gmt":"2026-04-24T09:57:16","slug":"entrenamiento-en-fotografia-y-mindfulness","status":"publish","type":"podcast","link":"https:\/\/andanafoto.com\/en\/podcast\/entrenamiento-en-fotografia-y-mindfulness\/","title":{"rendered":"Entrenamiento en Fotograf\u00eda y mindfulness"},"content":{"rendered":"<p>&nbsp;<\/p>\n<p>Ya sabes que seg\u00fan la teor\u00eda bio informacional las im\u00e1genes tienen la capacidad de activar nuestras emociones \u00bfy si pudi\u00e9ramos aprender a utilizarlas de forma consciente?<br \/>\nDesde esta idea investigo continuamente, tu que me escuchas ya lo sabes.<\/p>\n<p>Por eso hace justo un a\u00f1o naci\u00f3 la formaci\u00f3n Fotograf\u00eda y Mindfulness: una herramienta accesible para entrenar la atenci\u00f3n plena y el autoconocimiento.<br \/>\nAqu\u00ed no se trata solo de hacer fotos, sino de salir del piloto autom\u00e1tico, conectar con el presente y observar lo que ocurre dentro y fuera de ti.<br \/>\nA lo largo de este entrenamiento, trabajamos la respiraci\u00f3n, la percepci\u00f3n, la relaci\u00f3n con la luz, el silencio y la emoci\u00f3n, con la inspiraci\u00f3n de artistas contempor\u00e1neos. Y poco a poco, empiezas a crear im\u00e1genes que no solo son est\u00e9ticas, sino que tienen un efecto real en ti.<br \/>\nIm\u00e1genes que te calman y que te ayudan a volver al aqu\u00ed y al ahora.<br \/>\nPorque la atenci\u00f3n plena no es algo lejano ni complejo. Puede empezar con algo tan sencillo\u2026 como hacer una foto.<\/p>\n<p>M\u00e1s informaci\u00f3n:<\/p>\n<p><a href=\"https:\/\/andanafoto.com\/fotografia-y-mindfulness\/\">Fotograf\u00eda y Mindfulness<\/a><\/p>\n<p>&nbsp;<\/p>\n<p>Etiquetas: fotograf\u00eda consciente, mindfulness, atenci\u00f3n plena, autoconocimiento, desarrollo personal, im\u00e1genes mentales, regulaci\u00f3n emocional, percepci\u00f3n, respiraci\u00f3n, bienestar emocional, proceso creativo, fotograf\u00eda terap\u00e9utica, presente, crecimiento personal<\/p>\n","protected":false},"excerpt":{"rendered":"<p>Seg\u00fan la teor\u00eda bio informacional las im\u00e1genes tienen la capacidad de activar nuestras emociones \u00bfy si pudi\u00e9ramos aprender a utilizarlas de forma consciente?<\/p>\n","protected":false},"author":2,"featured_media":0,"menu_order":0,"comment_status":"open","ping_status":"closed","template":"","meta":{"episode_type":"audio","audio_file":"https:\/\/andanafoto.com\/wp-content\/uploads\/2026\/04\/43-Entrenamiento-en-Fotografia-y-mindfulness_web.mp3","podmotor_file_id":"","podmotor_episode_id":"","cover_image":"https:\/\/andanafoto.com\/wp-content\/uploads\/2024\/09\/ERES-AQUELLO-QUE-MIRAS-Podcat-portada.jpg","cover_image_id":"58911","duration":"00:00:59","filesize":"445.29k","filesize_raw":"455973","date_recorded":"2026-04-24 11:55:08","explicit":"","block":"","itunes_episode_number":"","itunes_title":"","itunes_season_number":"","itunes_episode_type":""},"tags":[617,202,642,618,82,615,382,626,616,619,700,636,751,701],"series":[567],"speaker":[577],"class_list":["post-63788","podcast","type-podcast","status-publish","hentry","tag-atencion-plena","tag-autoconocimiento","tag-bienestar-emocional","tag-crecimiento-personal","tag-desarrollo-personal","tag-fotografia-consciente","tag-fotografia-terapeutica","tag-imagenes-mentales","tag-mindfulness","tag-percepcion","tag-presente","tag-proceso-creativo","tag-regulacion-emocional","tag-respiracion","series-eresaquelloquemiras","speaker-amparo-munoz-morella","description-off"],"episode_featured_image":false,"episode_player_image":"https:\/\/andanafoto.com\/wp-content\/uploads\/2024\/09\/ERES-AQUELLO-QUE-MIRAS-Podcat-portada.jpg","download_link":"https:\/\/andanafoto.com\/en\/podcast-download\/63788\/entrenamiento-en-fotografia-y-mindfulness.mp3","player_link":"https:\/\/andanafoto.com\/en\/podcast-player\/63788\/entrenamiento-en-fotografia-y-mindfulness.mp3","audio_player":null,"episode_data":{"playerMode":"dark","subscribeUrls":{"amazon":{"key":"amazon","url":"","label":"Amazon","class":"amazon","icon":"amazon.png"},"anchor":{"key":"anchor","url":"","label":"Anchor","class":"anchor","icon":"anchor.png"},"audible":{"key":"audible","url":"","label":"Audible","class":"audible","icon":"audible.png"},"apple_podcasts":{"key":"apple_podcasts","url":"https:\/\/podcasts.apple.com\/us\/podcast\/eres-quello-que-miras\/id1893321025","label":"Apple Podcasts","class":"apple_podcasts","icon":"apple-podcasts.png"},"castbox":{"key":"castbox","url":"","label":"CastBox","class":"castbox","icon":"castbox.png"},"castro":{"key":"castro","url":"","label":"Castro","class":"castro","icon":"castro.png"},"google_podcasts":{"key":"google_podcasts","url":"","label":"Google Podcasts","class":"google_podcasts","icon":"google-podcasts.png"},"pocketcasts":{"key":"pocketcasts","url":"https:\/\/pca.st\/572n09h8","label":"PocketCasts","class":"pocketcasts","icon":"pocketcasts.png"},"rss":{"key":"rss","url":"https:\/\/andanafoto.com\/feed\/podcast\/eresaquelloquemiras\/","label":"RSS","class":"rss","icon":"rss.png"},"spotify":{"key":"spotify","url":"https:\/\/open.spotify.com\/show\/2OkUjYTCp8ZMsiYxkpxYCD","label":"Spotify","class":"spotify","icon":"spotify.png"},"spreaker":{"key":"spreaker","url":"https:\/\/www.spreaker.com\/podcast\/eres-quello-que-miras--6951799","label":"Spreaker","class":"spreaker","icon":"spreaker.png"},"stitcher":{"key":"stitcher","url":"","label":"Stitcher","class":"stitcher","icon":"stitcher.png"},"itunes":{"key":"itunes","url":"","label":"iTunes","class":"itunes","icon":"itunes.png"},"ivoox":{"key":"ivoox","url":"https:\/\/go.ivoox.com\/sq\/3148613","label":"iVoox","class":"ivoox","icon":"ivoox.png"}},"rssFeedUrl":"https:\/\/andanafoto.com\/en\/feed\/podcast\/eresaquelloquemiras","embedCode":"<blockquote class=\"wp-embedded-content\" data-secret=\"OYmG4H4lkm\"><a href=\"https:\/\/andanafoto.com\/en\/podcast\/entrenamiento-en-fotografia-y-mindfulness\/\">Entrenamiento en Fotograf\u00eda y mindfulness<\/a><\/blockquote><iframe sandbox=\"allow-scripts\" security=\"restricted\" src=\"https:\/\/andanafoto.com\/en\/podcast\/entrenamiento-en-fotografia-y-mindfulness\/embed\/#?secret=OYmG4H4lkm\" width=\"500\" height=\"350\" title=\"&#8220;Entrenamiento en Fotograf\u00eda y mindfulness&#8221; &#8212; ANDANAfoto.com\" data-secret=\"OYmG4H4lkm\" frameborder=\"0\" marginwidth=\"0\" marginheight=\"0\" scrolling=\"no\" class=\"wp-embedded-content\"><\/iframe><script>\n\/*! This file is auto-generated *\/\n!function(d,l){\"use strict\";l.querySelector&&d.addEventListener&&\"undefined\"!=typeof URL&&(d.wp=d.wp||{},d.wp.receiveEmbedMessage||(d.wp.receiveEmbedMessage=function(e){var t=e.data;if((t||t.secret||t.message||t.value)&&!\/[^a-zA-Z0-9]\/.test(t.secret)){for(var s,r,n,a=l.querySelectorAll('iframe[data-secret=\"'+t.secret+'\"]'),o=l.querySelectorAll('blockquote[data-secret=\"'+t.secret+'\"]'),c=new RegExp(\"^https?:$\",\"i\"),i=0;i<o.length;i++)o[i].style.display=\"none\";for(i=0;i<a.length;i++)s=a[i],e.source===s.contentWindow&&(s.removeAttribute(\"style\"),\"height\"===t.message?(1e3<(r=parseInt(t.value,10))?r=1e3:~~r<200&&(r=200),s.height=r):\"link\"===t.message&&(r=new URL(s.getAttribute(\"src\")),n=new URL(t.value),c.test(n.protocol))&&n.host===r.host&&l.activeElement===s&&(d.top.location.href=t.value))}},d.addEventListener(\"message\",d.wp.receiveEmbedMessage,!1),l.addEventListener(\"DOMContentLoaded\",function(){for(var e,t,s=l.querySelectorAll(\"iframe.wp-embedded-content\"),r=0;r<s.length;r++)(t=(e=s[r]).getAttribute(\"data-secret\"))||(t=Math.random().toString(36).substring(2,12),e.src+=\"#?secret=\"+t,e.setAttribute(\"data-secret\",t)),e.contentWindow.postMessage({message:\"ready\",secret:t},\"*\")},!1)))}(window,document);\n\/\/# sourceURL=https:\/\/andanafoto.com\/wp-includes\/js\/wp-embed.min.js\n<\/script>\n"},"_links":{"self":[{"href":"https:\/\/andanafoto.com\/en\/wp-json\/wp\/v2\/podcast\/63788","targetHints":{"allow":["GET"]}}],"collection":[{"href":"https:\/\/andanafoto.com\/en\/wp-json\/wp\/v2\/podcast"}],"about":[{"href":"https:\/\/andanafoto.com\/en\/wp-json\/wp\/v2\/types\/podcast"}],"author":[{"embeddable":true,"href":"https:\/\/andanafoto.com\/en\/wp-json\/wp\/v2\/users\/2"}],"replies":[{"embeddable":true,"href":"https:\/\/andanafoto.com\/en\/wp-json\/wp\/v2\/comments?post=63788"}],"wp:attachment":[{"href":"https:\/\/andanafoto.com\/en\/wp-json\/wp\/v2\/media?parent=63788"}],"wp:term":[{"taxonomy":"post_tag","embeddable":true,"href":"https:\/\/andanafoto.com\/en\/wp-json\/wp\/v2\/tags?post=63788"},{"taxonomy":"series","embeddable":true,"href":"https:\/\/andanafoto.com\/en\/wp-json\/wp\/v2\/series?post=63788"},{"taxonomy":"speaker","embeddable":true,"href":"https:\/\/andanafoto.com\/en\/wp-json\/wp\/v2\/speaker?post=63788"}],"curies":[{"name":"wp","href":"https:\/\/api.w.org\/{rel}","templated":true}]}}

Entrenamiento en Fotografía y mindfulness

<p>&nbsp;</p>
<p>Ya sabes que según la teoría bio informacional las imágenes tienen la capacidad de activar nuestras emociones ¿y si pudiéramos aprender a utilizarlas de forma consciente?<br />
Desde esta idea investigo continuamente, tu que me escuchas ya lo sabes.</p>
<p>Por eso hace justo un año nació la formación Fotografía y Mindfulness: una herramienta accesible para entrenar la atención plena y el autoconocimiento.<br />
Aquí no se trata solo de hacer fotos, sino de salir del piloto automático, conectar con el presente y observar lo que ocurre dentro y fuera de ti.<br />
A lo largo de este entrenamiento, trabajamos la respiración, la percepción, la relación con la luz, el silencio y la emoción, con la inspiración de artistas contemporáneos. Y poco a poco, empiezas a crear imágenes que no solo son estéticas, sino que tienen un efecto real en ti.<br />
Imágenes que te calman y que te ayudan a volver al aquí y al ahora.<br />
Porque la atención plena no es algo lejano ni complejo. Puede empezar con algo tan sencillo… como hacer una foto.</p>
<p>Más información:</p>
<p><a href="https://andanafoto.com/fotografia-y-mindfulness/">Fotografía y Mindfulness</a></p>
<p>&nbsp;</p>
<p>Etiquetas: fotografía consciente, mindfulness, atención plena, autoconocimiento, desarrollo personal, imágenes mentales, regulación emocional, percepción, respiración, bienestar emocional, proceso creativo, fotografía terapéutica, presente, crecimiento personal</p>

<p>Según la teoría bio informacional las imágenes tienen la capacidad de activar nuestras emociones ¿y si pudiéramos aprender a utilizarlas de forma consciente?</p>

<blockquote class="wp-embedded-content" data-secret="OYmG4H4lkm"><a href="https://andanafoto.com/en/podcast/entrenamiento-en-fotografia-y-mindfulness/">Entrenamiento en Fotografía y mindfulness</a></blockquote><iframe sandbox="allow-scripts" security="restricted" src="https://andanafoto.com/en/podcast/entrenamiento-en-fotografia-y-mindfulness/embed/#?secret=OYmG4H4lkm" width="500" height="350" title="&#8220;Entrenamiento en Fotografía y mindfulness&#8221; &#8212; ANDANAfoto.com" data-secret="OYmG4H4lkm" frameborder="0" marginwidth="0" marginheight="0" scrolling="no" class="wp-embedded-content"></iframe><script>
/*! This file is auto-generated */
!function(d,l){"use strict";l.querySelector&&d.addEventListener&&"undefined"!=typeof URL&&(d.wp=d.wp||{},d.wp.receiveEmbedMessage||(d.wp.receiveEmbedMessage=function(e){var t=e.data;if((t||t.secret||t.message||t.value)&&!/[^a-zA-Z0-9]/.test(t.secret)){for(var s,r,n,a=l.querySelectorAll('iframe[data-secret="'+t.secret+'"]'),o=l.querySelectorAll('blockquote[data-secret="'+t.secret+'"]'),c=new RegExp("^https?:$","i"),i=0;i<o.length;i++)o[i].style.display="none";for(i=0;i<a.length;i++)s=a[i],e.source===s.contentWindow&&(s.removeAttribute("style"),"height"===t.message?(1e3<(r=parseInt(t.value,10))?r=1e3:~~r<200&&(r=200),s.height=r):"link"===t.message&&(r=new URL(s.getAttribute("src")),n=new URL(t.value),c.test(n.protocol))&&n.host===r.host&&l.activeElement===s&&(d.top.location.href=t.value))}},d.addEventListener("message",d.wp.receiveEmbedMessage,!1),l.addEventListener("DOMContentLoaded",function(){for(var e,t,s=l.querySelectorAll("iframe.wp-embedded-content"),r=0;r<s.length;r++)(t=(e=s[r]).getAttribute("data-secret"))||(t=Math.random().toString(36).substring(2,12),e.src+="#?secret="+t,e.setAttribute("data-secret",t)),e.contentWindow.postMessage({message:"ready",secret:t},"*")},!1)))}(window,document);
//# sourceURL=https://andanafoto.com/wp-includes/js/wp-embed.min.js
</script>
