{"id":63785,"date":"2026-04-24T11:47:53","date_gmt":"2026-04-24T09:47:53","guid":{"rendered":"https:\/\/andanafoto.com\/?post_type=podcast&#038;p=63785"},"modified":"2026-04-24T11:47:53","modified_gmt":"2026-04-24T09:47:53","slug":"la-teoria-bio-informacional","status":"publish","type":"podcast","link":"https:\/\/andanafoto.com\/en\/podcast\/la-teoria-bio-informacional\/","title":{"rendered":"La teor\u00eda bio-informacional"},"content":{"rendered":"<p>&nbsp;<\/p>\n<p>\u00bfAlguna vez te has preguntado por qu\u00e9 hay im\u00e1genes que no puedes sacar de tu cabeza?<br \/>\nDesde la psicolog\u00eda, el investigador Peter Lang, en 1977, propuso la teor\u00eda bio-informacional para explicar este fen\u00f3meno. Seg\u00fan esta teor\u00eda, las im\u00e1genes no son solo representaciones visuales, sino activadores de redes internas donde se integran est\u00edmulos, emociones, respuestas corporales y significados personales.<br \/>\nEs decir, cuando una imagen nos impacta, no solo la vemos: la sentimos. Se activa nuestro cuerpo, nuestra memoria y nuestra experiencia previa.<br \/>\nPor eso, una imagen, real o imaginada, puede generar miedo, alegr\u00eda o calma. Nuestro cerebro responde como si aquello estuviera ocurriendo realmente.<br \/>\nEsto nos lleva a una idea clave: las im\u00e1genes tienen un poder profundo sobre nuestro sistema emocional.<br \/>\nY tomar conciencia de ello puede cambiar la forma en la que miramos\u2026<\/p>\n<p>M\u00e1s informaci\u00f3n:<br \/>\n<a href=\"https:\/\/andanafoto.com\/teoria-bio-informacional-la-imagen-que-sentimos\/\">Teor\u00eda bio-informacional. La imagen que sentimos.<\/a><\/p>\n<p>Etiquetas: im\u00e1genes mentales, psicolog\u00eda, emociones, memoria, percepci\u00f3n, neurociencia, Peter Lang, teor\u00eda bioinformacional, fotograf\u00eda consciente, impacto emocional, mente, desarrollo personal, experiencia emocional, significado<\/p>\n","protected":false},"excerpt":{"rendered":"<p>\u00bfAlguna vez te has preguntado por qu\u00e9 hay im\u00e1genes que no puedes sacar de tu cabeza?<\/p>\n","protected":false},"author":2,"featured_media":0,"menu_order":0,"comment_status":"open","ping_status":"closed","template":"","meta":{"episode_type":"audio","audio_file":"https:\/\/andanafoto.com\/wp-content\/uploads\/2026\/04\/42-La-teoria-bio-informacional_web.mp3","podmotor_file_id":"","podmotor_episode_id":"","cover_image":"https:\/\/andanafoto.com\/wp-content\/uploads\/2024\/09\/ERES-AQUELLO-QUE-MIRAS-Podcat-portada.jpg","cover_image_id":"58912","duration":"00:00:58","filesize":"452.23k","filesize_raw":"463082","date_recorded":"2026-04-24 11:45:36","explicit":"","block":"","itunes_episode_number":"","itunes_title":"","itunes_season_number":"","itunes_episode_type":""},"tags":[798,835,831,794,833,830,836,838,837,825,828,834,832,829],"series":[567],"speaker":[577],"class_list":["post-63785","podcast","type-podcast","status-publish","hentry","tag-desarrollo-personal","tag-emociones","tag-experiencia-emocional","tag-fotografia-consciente","tag-imagenes-mentales","tag-impacto-emocional","tag-memoria","tag-mente","tag-neurociencia","tag-percepcion","tag-peter-lang","tag-psicologia","tag-significado","tag-teoria-bioinformacional","series-eresaquelloquemiras","speaker-amparo-munoz-morella","description-off"],"episode_featured_image":false,"episode_player_image":"https:\/\/andanafoto.com\/wp-content\/uploads\/2024\/09\/ERES-AQUELLO-QUE-MIRAS-Podcat-portada.jpg","download_link":"https:\/\/andanafoto.com\/en\/podcast-download\/63785\/la-teoria-bio-informacional.mp3","player_link":"https:\/\/andanafoto.com\/en\/podcast-player\/63785\/la-teoria-bio-informacional.mp3","audio_player":null,"episode_data":{"playerMode":"dark","subscribeUrls":{"amazon":{"key":"amazon","url":"","label":"Amazon","class":"amazon","icon":"amazon.png"},"anchor":{"key":"anchor","url":"","label":"Anchor","class":"anchor","icon":"anchor.png"},"audible":{"key":"audible","url":"","label":"Audible","class":"audible","icon":"audible.png"},"apple_podcasts":{"key":"apple_podcasts","url":"https:\/\/podcasts.apple.com\/us\/podcast\/eres-quello-que-miras\/id1893321025","label":"Apple Podcasts","class":"apple_podcasts","icon":"apple-podcasts.png"},"castbox":{"key":"castbox","url":"","label":"CastBox","class":"castbox","icon":"castbox.png"},"castro":{"key":"castro","url":"","label":"Castro","class":"castro","icon":"castro.png"},"google_podcasts":{"key":"google_podcasts","url":"","label":"Google Podcasts","class":"google_podcasts","icon":"google-podcasts.png"},"pocketcasts":{"key":"pocketcasts","url":"https:\/\/pca.st\/572n09h8","label":"PocketCasts","class":"pocketcasts","icon":"pocketcasts.png"},"rss":{"key":"rss","url":"https:\/\/andanafoto.com\/feed\/podcast\/eresaquelloquemiras\/","label":"RSS","class":"rss","icon":"rss.png"},"spotify":{"key":"spotify","url":"https:\/\/open.spotify.com\/show\/2OkUjYTCp8ZMsiYxkpxYCD","label":"Spotify","class":"spotify","icon":"spotify.png"},"spreaker":{"key":"spreaker","url":"https:\/\/www.spreaker.com\/podcast\/eres-quello-que-miras--6951799","label":"Spreaker","class":"spreaker","icon":"spreaker.png"},"stitcher":{"key":"stitcher","url":"","label":"Stitcher","class":"stitcher","icon":"stitcher.png"},"itunes":{"key":"itunes","url":"","label":"iTunes","class":"itunes","icon":"itunes.png"},"ivoox":{"key":"ivoox","url":"https:\/\/go.ivoox.com\/sq\/3148613","label":"iVoox","class":"ivoox","icon":"ivoox.png"}},"rssFeedUrl":"https:\/\/andanafoto.com\/en\/feed\/podcast\/eresaquelloquemiras","embedCode":"<blockquote class=\"wp-embedded-content\" data-secret=\"RwPqhQHOxW\"><a href=\"https:\/\/andanafoto.com\/en\/podcast\/la-teoria-bio-informacional\/\">La teor\u00eda bio-informacional<\/a><\/blockquote><iframe sandbox=\"allow-scripts\" security=\"restricted\" src=\"https:\/\/andanafoto.com\/en\/podcast\/la-teoria-bio-informacional\/embed\/#?secret=RwPqhQHOxW\" width=\"500\" height=\"350\" title=\"&#8220;La teor\u00eda bio-informacional&#8221; &#8212; ANDANAfoto.com\" data-secret=\"RwPqhQHOxW\" frameborder=\"0\" marginwidth=\"0\" marginheight=\"0\" scrolling=\"no\" class=\"wp-embedded-content\"><\/iframe><script>\n\/*! This file is auto-generated *\/\n!function(d,l){\"use strict\";l.querySelector&&d.addEventListener&&\"undefined\"!=typeof URL&&(d.wp=d.wp||{},d.wp.receiveEmbedMessage||(d.wp.receiveEmbedMessage=function(e){var t=e.data;if((t||t.secret||t.message||t.value)&&!\/[^a-zA-Z0-9]\/.test(t.secret)){for(var s,r,n,a=l.querySelectorAll('iframe[data-secret=\"'+t.secret+'\"]'),o=l.querySelectorAll('blockquote[data-secret=\"'+t.secret+'\"]'),c=new RegExp(\"^https?:$\",\"i\"),i=0;i<o.length;i++)o[i].style.display=\"none\";for(i=0;i<a.length;i++)s=a[i],e.source===s.contentWindow&&(s.removeAttribute(\"style\"),\"height\"===t.message?(1e3<(r=parseInt(t.value,10))?r=1e3:~~r<200&&(r=200),s.height=r):\"link\"===t.message&&(r=new URL(s.getAttribute(\"src\")),n=new URL(t.value),c.test(n.protocol))&&n.host===r.host&&l.activeElement===s&&(d.top.location.href=t.value))}},d.addEventListener(\"message\",d.wp.receiveEmbedMessage,!1),l.addEventListener(\"DOMContentLoaded\",function(){for(var e,t,s=l.querySelectorAll(\"iframe.wp-embedded-content\"),r=0;r<s.length;r++)(t=(e=s[r]).getAttribute(\"data-secret\"))||(t=Math.random().toString(36).substring(2,12),e.src+=\"#?secret=\"+t,e.setAttribute(\"data-secret\",t)),e.contentWindow.postMessage({message:\"ready\",secret:t},\"*\")},!1)))}(window,document);\n\/\/# sourceURL=https:\/\/andanafoto.com\/wp-includes\/js\/wp-embed.min.js\n<\/script>\n"},"_links":{"self":[{"href":"https:\/\/andanafoto.com\/en\/wp-json\/wp\/v2\/podcast\/63785","targetHints":{"allow":["GET"]}}],"collection":[{"href":"https:\/\/andanafoto.com\/en\/wp-json\/wp\/v2\/podcast"}],"about":[{"href":"https:\/\/andanafoto.com\/en\/wp-json\/wp\/v2\/types\/podcast"}],"author":[{"embeddable":true,"href":"https:\/\/andanafoto.com\/en\/wp-json\/wp\/v2\/users\/2"}],"replies":[{"embeddable":true,"href":"https:\/\/andanafoto.com\/en\/wp-json\/wp\/v2\/comments?post=63785"}],"wp:attachment":[{"href":"https:\/\/andanafoto.com\/en\/wp-json\/wp\/v2\/media?parent=63785"}],"wp:term":[{"taxonomy":"post_tag","embeddable":true,"href":"https:\/\/andanafoto.com\/en\/wp-json\/wp\/v2\/tags?post=63785"},{"taxonomy":"series","embeddable":true,"href":"https:\/\/andanafoto.com\/en\/wp-json\/wp\/v2\/series?post=63785"},{"taxonomy":"speaker","embeddable":true,"href":"https:\/\/andanafoto.com\/en\/wp-json\/wp\/v2\/speaker?post=63785"}],"curies":[{"name":"wp","href":"https:\/\/api.w.org\/{rel}","templated":true}]}}

La teoría bio-informacional

<p>&nbsp;</p>
<p>¿Alguna vez te has preguntado por qué hay imágenes que no puedes sacar de tu cabeza?<br />
Desde la psicología, el investigador Peter Lang, en 1977, propuso la teoría bio-informacional para explicar este fenómeno. Según esta teoría, las imágenes no son solo representaciones visuales, sino activadores de redes internas donde se integran estímulos, emociones, respuestas corporales y significados personales.<br />
Es decir, cuando una imagen nos impacta, no solo la vemos: la sentimos. Se activa nuestro cuerpo, nuestra memoria y nuestra experiencia previa.<br />
Por eso, una imagen, real o imaginada, puede generar miedo, alegría o calma. Nuestro cerebro responde como si aquello estuviera ocurriendo realmente.<br />
Esto nos lleva a una idea clave: las imágenes tienen un poder profundo sobre nuestro sistema emocional.<br />
Y tomar conciencia de ello puede cambiar la forma en la que miramos…</p>
<p>Más información:<br />
<a href="https://andanafoto.com/teoria-bio-informacional-la-imagen-que-sentimos/">Teoría bio-informacional. La imagen que sentimos.</a></p>
<p>Etiquetas: imágenes mentales, psicología, emociones, memoria, percepción, neurociencia, Peter Lang, teoría bioinformacional, fotografía consciente, impacto emocional, mente, desarrollo personal, experiencia emocional, significado</p>

<p>¿Alguna vez te has preguntado por qué hay imágenes que no puedes sacar de tu cabeza?</p>

<blockquote class="wp-embedded-content" data-secret="RwPqhQHOxW"><a href="https://andanafoto.com/en/podcast/la-teoria-bio-informacional/">La teoría bio-informacional</a></blockquote><iframe sandbox="allow-scripts" security="restricted" src="https://andanafoto.com/en/podcast/la-teoria-bio-informacional/embed/#?secret=RwPqhQHOxW" width="500" height="350" title="&#8220;La teoría bio-informacional&#8221; &#8212; ANDANAfoto.com" data-secret="RwPqhQHOxW" frameborder="0" marginwidth="0" marginheight="0" scrolling="no" class="wp-embedded-content"></iframe><script>
/*! This file is auto-generated */
!function(d,l){"use strict";l.querySelector&&d.addEventListener&&"undefined"!=typeof URL&&(d.wp=d.wp||{},d.wp.receiveEmbedMessage||(d.wp.receiveEmbedMessage=function(e){var t=e.data;if((t||t.secret||t.message||t.value)&&!/[^a-zA-Z0-9]/.test(t.secret)){for(var s,r,n,a=l.querySelectorAll('iframe[data-secret="'+t.secret+'"]'),o=l.querySelectorAll('blockquote[data-secret="'+t.secret+'"]'),c=new RegExp("^https?:$","i"),i=0;i<o.length;i++)o[i].style.display="none";for(i=0;i<a.length;i++)s=a[i],e.source===s.contentWindow&&(s.removeAttribute("style"),"height"===t.message?(1e3<(r=parseInt(t.value,10))?r=1e3:~~r<200&&(r=200),s.height=r):"link"===t.message&&(r=new URL(s.getAttribute("src")),n=new URL(t.value),c.test(n.protocol))&&n.host===r.host&&l.activeElement===s&&(d.top.location.href=t.value))}},d.addEventListener("message",d.wp.receiveEmbedMessage,!1),l.addEventListener("DOMContentLoaded",function(){for(var e,t,s=l.querySelectorAll("iframe.wp-embedded-content"),r=0;r<s.length;r++)(t=(e=s[r]).getAttribute("data-secret"))||(t=Math.random().toString(36).substring(2,12),e.src+="#?secret="+t,e.setAttribute("data-secret",t)),e.contentWindow.postMessage({message:"ready",secret:t},"*")},!1)))}(window,document);
//# sourceURL=https://andanafoto.com/wp-includes/js/wp-embed.min.js
</script>
