{"id":63530,"date":"2026-04-19T14:52:59","date_gmt":"2026-04-19T12:52:59","guid":{"rendered":"https:\/\/andanafoto.com\/?post_type=podcast&#038;p=63530"},"modified":"2026-04-19T14:53:39","modified_gmt":"2026-04-19T12:53:39","slug":"puede-una-persona-ciega-hacer-fotos","status":"publish","type":"podcast","link":"https:\/\/andanafoto.com\/en\/podcast\/puede-una-persona-ciega-hacer-fotos\/","title":{"rendered":"\u00bfPuede una persona ciega hacer fotos?"},"content":{"rendered":"<p>&nbsp;<\/p>\n<p>\u00bfPuede una persona ciega hacer fotos?<\/p>\n<p>No es necesario ver para crear im\u00e1genes, porque estas no nacen de la vista.<\/p>\n<p>Las personas ciegas construyen im\u00e1genes a trav\u00e9s del tacto, el o\u00eddo, el olfato. Sienten el espacio, la distancia, el clima. El mundo les llega por otras v\u00edas, y desde ah\u00ed tambi\u00e9n se puede fotografiar.<\/p>\n<p>El fot\u00f3grafo Gerardo Nigenda se gu\u00eda por los sonidos, el tacto, la piel, la memoria, el olfato&#8230; Siente el lugar, se introduce en la situaci\u00f3n y construye la imagen desde lo que percibe.<\/p>\n<p>Fotografiar no es solo ver. Es sentir, imaginar, prestar atenci\u00f3n.<\/p>\n<p>Cierra los ojos un momento\u2026 e intenta hacer una fotograf\u00eda, conecta con tus otros sentidos y a ver qu\u00e9 pasa. la fotograf\u00eda pasa de ser una imagen a ser una sensaci\u00f3n,\u00a0dando importancia a la parte emocional frente a la visual.<\/p>\n<p>Puedes explorar m\u00e1s este tema en este enlace:<\/p>\n<p><a href=\"https:\/\/andanafoto.com\/mirar-lo-invisible\/\" target=\"_blank\" rel=\"noopener\">\u00bfPuede una persona ciega hacer fotos? C\u00f3mo mirar lo invisible.<\/a><\/p>\n<p>&nbsp;<\/p>\n<p>Etiquetas: fotograf\u00eda inclusiva, discapacidad visual, fotograf\u00eda sensorial, percepci\u00f3n, sentidos, creatividad, inclusi\u00f3n, expresi\u00f3n emocional, fotograf\u00eda consciente, diversidad, lenguaje visual, imaginaci\u00f3n, desarrollo personal, fotograf\u00eda accesible<\/p>\n","protected":false},"excerpt":{"rendered":"<p>\u00bfPuede una persona ciega hacer fotos?<\/p>\n<p>No es necesario ver para crear im\u00e1genes, porque estas no nacen de la vista.<\/p>\n","protected":false},"author":2,"featured_media":0,"menu_order":0,"comment_status":"open","ping_status":"closed","template":"","meta":{"episode_type":"audio","audio_file":"https:\/\/andanafoto.com\/wp-content\/uploads\/2026\/04\/38-Puede-una-persona-ciega-hacer-fotos_web.mp3","podmotor_file_id":"","podmotor_episode_id":"","cover_image":"https:\/\/andanafoto.com\/wp-content\/uploads\/2024\/09\/ERES-AQUELLO-QUE-MIRAS-Podcat-portada.jpg","cover_image_id":"58911","duration":"00:00:55","filesize":"429.66k","filesize_raw":"439974","date_recorded":"2026-04-19 14:51:50","explicit":"","block":"","itunes_episode_number":"","itunes_title":"","itunes_season_number":"","itunes_episode_type":""},"tags":[250,82,801,271,730,806,615,807,802,805,804,631,619,803],"series":[567],"speaker":[577],"class_list":["post-63530","podcast","type-podcast","status-publish","hentry","tag-creatividad","tag-desarrollo-personal","tag-discapacidad-visual","tag-diversidad","tag-expresion-emocional","tag-fotografia-accesible","tag-fotografia-consciente","tag-fotografia-inclusiva","tag-fotografia-sensorial","tag-imaginacion","tag-inclusion","tag-lenguaje-visual","tag-percepcion","tag-sentidos","series-eresaquelloquemiras","speaker-amparo-munoz-morella","description-off"],"episode_featured_image":false,"episode_player_image":"https:\/\/andanafoto.com\/wp-content\/uploads\/2024\/09\/ERES-AQUELLO-QUE-MIRAS-Podcat-portada.jpg","download_link":"https:\/\/andanafoto.com\/en\/podcast-download\/63530\/puede-una-persona-ciega-hacer-fotos.mp3","player_link":"https:\/\/andanafoto.com\/en\/podcast-player\/63530\/puede-una-persona-ciega-hacer-fotos.mp3","audio_player":null,"episode_data":{"playerMode":"dark","subscribeUrls":{"amazon":{"key":"amazon","url":"","label":"Amazon","class":"amazon","icon":"amazon.png"},"anchor":{"key":"anchor","url":"","label":"Anchor","class":"anchor","icon":"anchor.png"},"audible":{"key":"audible","url":"","label":"Audible","class":"audible","icon":"audible.png"},"apple_podcasts":{"key":"apple_podcasts","url":"https:\/\/podcasts.apple.com\/us\/podcast\/eres-quello-que-miras\/id1893321025","label":"Apple Podcasts","class":"apple_podcasts","icon":"apple-podcasts.png"},"castbox":{"key":"castbox","url":"","label":"CastBox","class":"castbox","icon":"castbox.png"},"castro":{"key":"castro","url":"","label":"Castro","class":"castro","icon":"castro.png"},"google_podcasts":{"key":"google_podcasts","url":"","label":"Google Podcasts","class":"google_podcasts","icon":"google-podcasts.png"},"pocketcasts":{"key":"pocketcasts","url":"https:\/\/pca.st\/572n09h8","label":"PocketCasts","class":"pocketcasts","icon":"pocketcasts.png"},"rss":{"key":"rss","url":"https:\/\/andanafoto.com\/feed\/podcast\/eresaquelloquemiras\/","label":"RSS","class":"rss","icon":"rss.png"},"spotify":{"key":"spotify","url":"https:\/\/open.spotify.com\/show\/2OkUjYTCp8ZMsiYxkpxYCD","label":"Spotify","class":"spotify","icon":"spotify.png"},"spreaker":{"key":"spreaker","url":"https:\/\/www.spreaker.com\/podcast\/eres-quello-que-miras--6951799","label":"Spreaker","class":"spreaker","icon":"spreaker.png"},"stitcher":{"key":"stitcher","url":"","label":"Stitcher","class":"stitcher","icon":"stitcher.png"},"itunes":{"key":"itunes","url":"","label":"iTunes","class":"itunes","icon":"itunes.png"},"ivoox":{"key":"ivoox","url":"https:\/\/go.ivoox.com\/sq\/3148613","label":"iVoox","class":"ivoox","icon":"ivoox.png"}},"rssFeedUrl":"https:\/\/andanafoto.com\/en\/feed\/podcast\/eresaquelloquemiras","embedCode":"<blockquote class=\"wp-embedded-content\" data-secret=\"bjzLPE2lFt\"><a href=\"https:\/\/andanafoto.com\/en\/podcast\/puede-una-persona-ciega-hacer-fotos\/\">\u00bfPuede una persona ciega hacer fotos?<\/a><\/blockquote><iframe sandbox=\"allow-scripts\" security=\"restricted\" src=\"https:\/\/andanafoto.com\/en\/podcast\/puede-una-persona-ciega-hacer-fotos\/embed\/#?secret=bjzLPE2lFt\" width=\"500\" height=\"350\" title=\"&#8220;\u00bfPuede una persona ciega hacer fotos?&#8221; &#8212; ANDANAfoto.com\" data-secret=\"bjzLPE2lFt\" frameborder=\"0\" marginwidth=\"0\" marginheight=\"0\" scrolling=\"no\" class=\"wp-embedded-content\"><\/iframe><script>\n\/*! This file is auto-generated *\/\n!function(d,l){\"use strict\";l.querySelector&&d.addEventListener&&\"undefined\"!=typeof URL&&(d.wp=d.wp||{},d.wp.receiveEmbedMessage||(d.wp.receiveEmbedMessage=function(e){var t=e.data;if((t||t.secret||t.message||t.value)&&!\/[^a-zA-Z0-9]\/.test(t.secret)){for(var s,r,n,a=l.querySelectorAll('iframe[data-secret=\"'+t.secret+'\"]'),o=l.querySelectorAll('blockquote[data-secret=\"'+t.secret+'\"]'),c=new RegExp(\"^https?:$\",\"i\"),i=0;i<o.length;i++)o[i].style.display=\"none\";for(i=0;i<a.length;i++)s=a[i],e.source===s.contentWindow&&(s.removeAttribute(\"style\"),\"height\"===t.message?(1e3<(r=parseInt(t.value,10))?r=1e3:~~r<200&&(r=200),s.height=r):\"link\"===t.message&&(r=new URL(s.getAttribute(\"src\")),n=new URL(t.value),c.test(n.protocol))&&n.host===r.host&&l.activeElement===s&&(d.top.location.href=t.value))}},d.addEventListener(\"message\",d.wp.receiveEmbedMessage,!1),l.addEventListener(\"DOMContentLoaded\",function(){for(var e,t,s=l.querySelectorAll(\"iframe.wp-embedded-content\"),r=0;r<s.length;r++)(t=(e=s[r]).getAttribute(\"data-secret\"))||(t=Math.random().toString(36).substring(2,12),e.src+=\"#?secret=\"+t,e.setAttribute(\"data-secret\",t)),e.contentWindow.postMessage({message:\"ready\",secret:t},\"*\")},!1)))}(window,document);\n\/\/# sourceURL=https:\/\/andanafoto.com\/wp-includes\/js\/wp-embed.min.js\n<\/script>\n"},"_links":{"self":[{"href":"https:\/\/andanafoto.com\/en\/wp-json\/wp\/v2\/podcast\/63530","targetHints":{"allow":["GET"]}}],"collection":[{"href":"https:\/\/andanafoto.com\/en\/wp-json\/wp\/v2\/podcast"}],"about":[{"href":"https:\/\/andanafoto.com\/en\/wp-json\/wp\/v2\/types\/podcast"}],"author":[{"embeddable":true,"href":"https:\/\/andanafoto.com\/en\/wp-json\/wp\/v2\/users\/2"}],"replies":[{"embeddable":true,"href":"https:\/\/andanafoto.com\/en\/wp-json\/wp\/v2\/comments?post=63530"}],"wp:attachment":[{"href":"https:\/\/andanafoto.com\/en\/wp-json\/wp\/v2\/media?parent=63530"}],"wp:term":[{"taxonomy":"post_tag","embeddable":true,"href":"https:\/\/andanafoto.com\/en\/wp-json\/wp\/v2\/tags?post=63530"},{"taxonomy":"series","embeddable":true,"href":"https:\/\/andanafoto.com\/en\/wp-json\/wp\/v2\/series?post=63530"},{"taxonomy":"speaker","embeddable":true,"href":"https:\/\/andanafoto.com\/en\/wp-json\/wp\/v2\/speaker?post=63530"}],"curies":[{"name":"wp","href":"https:\/\/api.w.org\/{rel}","templated":true}]}}

<p>&nbsp;</p>
<p>¿Puede una persona ciega hacer fotos?</p>
<p>No es necesario ver para crear imágenes, porque estas no nacen de la vista.</p>
<p>Las personas ciegas construyen imágenes a través del tacto, el oído, el olfato. Sienten el espacio, la distancia, el clima. El mundo les llega por otras vías, y desde ahí también se puede fotografiar.</p>
<p>El fotógrafo Gerardo Nigenda se guía por los sonidos, el tacto, la piel, la memoria, el olfato&#8230; Siente el lugar, se introduce en la situación y construye la imagen desde lo que percibe.</p>
<p>Fotografiar no es solo ver. Es sentir, imaginar, prestar atención.</p>
<p>Cierra los ojos un momento… e intenta hacer una fotografía, conecta con tus otros sentidos y a ver qué pasa. la fotografía pasa de ser una imagen a ser una sensación, dando importancia a la parte emocional frente a la visual.</p>
<p>Puedes explorar más este tema en este enlace:</p>
<p><a href="https://andanafoto.com/mirar-lo-invisible/" target="_blank" rel="noopener">¿Puede una persona ciega hacer fotos? Cómo mirar lo invisible.</a></p>
<p>&nbsp;</p>
<p>Etiquetas: fotografía inclusiva, discapacidad visual, fotografía sensorial, percepción, sentidos, creatividad, inclusión, expresión emocional, fotografía consciente, diversidad, lenguaje visual, imaginación, desarrollo personal, fotografía accesible</p>

<p>¿Puede una persona ciega hacer fotos?</p>
<p>No es necesario ver para crear imágenes, porque estas no nacen de la vista.</p>
