{"id":63520,"date":"2026-04-19T14:29:14","date_gmt":"2026-04-19T12:29:14","guid":{"rendered":"https:\/\/andanafoto.com\/?post_type=podcast&#038;p=63520"},"modified":"2026-04-19T14:31:56","modified_gmt":"2026-04-19T12:31:56","slug":"la-capacidad-de-mirar-descarga-el-manual","status":"publish","type":"podcast","link":"https:\/\/andanafoto.com\/en\/podcast\/la-capacidad-de-mirar-descarga-el-manual\/","title":{"rendered":"La capacidad de mirar. Descarga el manual"},"content":{"rendered":"<p>&nbsp;<\/p>\n<p>\u00bfCrees que cualquier persona puede hacer fotograf\u00edas?<\/p>\n<p>Todo ser humano tiene la capacidad de mirar, con diversidad ps\u00edquica o f\u00edsica. Todos podemos crear fotos.<\/p>\n<p>La fotograf\u00eda es inmediata y accesible. No depende de grandes conocimientos ni de equipos complejos. Est\u00e1 al alcance de cualquiera y permite algo muy sencillo y muy potente: conocer el mundo y dar a conocer la propia mirada.<\/p>\n<p>No es necesario ense\u00f1ar a mirar\u2026 cualquier persona sabe.<\/p>\n<p>La fotograf\u00eda permite captar fragmentos de vida, y expresar lo que cada persona lleva dentro. Es una forma de comunicar, de estar, de participar.<\/p>\n<p>Si tienes cerca a una persona con diversidad, dale a conocer una c\u00e1mara. Ponla en sus manos y deja que mire. Ah\u00ed empieza todo.<\/p>\n<p>Porque todos somos iguales, tambi\u00e9n somos diversos,\u00a0 todos tenemos la capacidad de mirar, de fotografiar y de contar nuestra propia historia en im\u00e1genes.<\/p>\n<p>Y, por cierto, puedes descargar un manual de herramientas para utilizar la fotograf\u00eda en entornos naturales en este enlace:<\/p>\n<p><a href=\"https:\/\/imatgeiaccio.org\/descargar-la-guia-metodologica\/\">Descargar la gu\u00eda metodol\u00f3gica.<\/a><\/p>\n<p>&nbsp;<\/p>\n<p>Etiquetas: fotograf\u00eda inclusiva, diversidad, accesibilidad, fotograf\u00eda consciente, expresi\u00f3n personal, creatividad, inclusi\u00f3n social, lenguaje visual, desarrollo personal, identidad, comunicaci\u00f3n visual, participaci\u00f3n, diversidad funcional, fotograf\u00eda para todos<\/p>\n","protected":false},"excerpt":{"rendered":"<p>&nbsp; \u00bfCrees que cualquier persona puede hacer fotograf\u00edas? Todo ser humano tiene la capacidad de mirar, con diversidad ps\u00edquica o f\u00edsica. Todos podemos crear fotos. La fotograf\u00eda es inmediata y accesible. No depende de grandes conocimientos ni de equipos complejos. Est\u00e1 al alcance de cualquiera y permite algo muy sencillo y muy potente: conocer el&hellip;<\/p>\n","protected":false},"author":2,"featured_media":0,"menu_order":0,"comment_status":"open","ping_status":"closed","template":"","meta":{"episode_type":"audio","audio_file":"https:\/\/andanafoto.com\/wp-content\/uploads\/2026\/04\/37-La-capacidad-de-mirar_web.mp3","podmotor_file_id":"","podmotor_episode_id":"","cover_image":"https:\/\/andanafoto.com\/wp-content\/uploads\/2026\/04\/La-capacidad-de-mirar-Descarga-el-manual.jpg","cover_image_id":"63522","duration":"00:01:00","filesize":"452.43k","filesize_raw":"463286","date_recorded":"2026-04-19 14:28:31","explicit":"","block":"","itunes_episode_number":"","itunes_title":"","itunes_season_number":"","itunes_episode_type":""},"tags":[789,799,796,798,793,791,795,794,788,792,690,790,797,800],"series":[567],"speaker":[577],"class_list":["post-63520","podcast","type-podcast","status-publish","hentry","tag-accesibilidad","tag-comunicacion-visual","tag-creatividad","tag-desarrollo-personal","tag-diversidad","tag-diversidad-funcional","tag-expresion-personal","tag-fotografia-consciente","tag-fotografia-inclusiva","tag-fotografia-para-todos","tag-identidad","tag-inclusion-social","tag-lenguaje-visual","tag-participacion","series-eresaquelloquemiras","speaker-amparo-munoz-morella","description-off"],"episode_featured_image":false,"episode_player_image":"https:\/\/andanafoto.com\/wp-content\/uploads\/2026\/04\/La-capacidad-de-mirar-Descarga-el-manual.jpg","download_link":"https:\/\/andanafoto.com\/en\/podcast-download\/63520\/la-capacidad-de-mirar-descarga-el-manual.mp3","player_link":"https:\/\/andanafoto.com\/en\/podcast-player\/63520\/la-capacidad-de-mirar-descarga-el-manual.mp3","audio_player":null,"episode_data":{"playerMode":"dark","subscribeUrls":{"amazon":{"key":"amazon","url":"","label":"Amazon","class":"amazon","icon":"amazon.png"},"anchor":{"key":"anchor","url":"","label":"Anchor","class":"anchor","icon":"anchor.png"},"audible":{"key":"audible","url":"","label":"Audible","class":"audible","icon":"audible.png"},"apple_podcasts":{"key":"apple_podcasts","url":"https:\/\/podcasts.apple.com\/us\/podcast\/eres-quello-que-miras\/id1893321025","label":"Apple Podcasts","class":"apple_podcasts","icon":"apple-podcasts.png"},"castbox":{"key":"castbox","url":"","label":"CastBox","class":"castbox","icon":"castbox.png"},"castro":{"key":"castro","url":"","label":"Castro","class":"castro","icon":"castro.png"},"google_podcasts":{"key":"google_podcasts","url":"","label":"Google Podcasts","class":"google_podcasts","icon":"google-podcasts.png"},"pocketcasts":{"key":"pocketcasts","url":"https:\/\/pca.st\/572n09h8","label":"PocketCasts","class":"pocketcasts","icon":"pocketcasts.png"},"rss":{"key":"rss","url":"https:\/\/andanafoto.com\/feed\/podcast\/eresaquelloquemiras\/","label":"RSS","class":"rss","icon":"rss.png"},"spotify":{"key":"spotify","url":"https:\/\/open.spotify.com\/show\/2OkUjYTCp8ZMsiYxkpxYCD","label":"Spotify","class":"spotify","icon":"spotify.png"},"spreaker":{"key":"spreaker","url":"https:\/\/www.spreaker.com\/podcast\/eres-quello-que-miras--6951799","label":"Spreaker","class":"spreaker","icon":"spreaker.png"},"stitcher":{"key":"stitcher","url":"","label":"Stitcher","class":"stitcher","icon":"stitcher.png"},"itunes":{"key":"itunes","url":"","label":"iTunes","class":"itunes","icon":"itunes.png"},"ivoox":{"key":"ivoox","url":"https:\/\/go.ivoox.com\/sq\/3148613","label":"iVoox","class":"ivoox","icon":"ivoox.png"}},"rssFeedUrl":"https:\/\/andanafoto.com\/en\/feed\/podcast\/eresaquelloquemiras","embedCode":"<blockquote class=\"wp-embedded-content\" data-secret=\"zfp1SEmeEH\"><a href=\"https:\/\/andanafoto.com\/en\/podcast\/la-capacidad-de-mirar-descarga-el-manual\/\">La capacidad de mirar. Descarga el manual<\/a><\/blockquote><iframe sandbox=\"allow-scripts\" security=\"restricted\" src=\"https:\/\/andanafoto.com\/en\/podcast\/la-capacidad-de-mirar-descarga-el-manual\/embed\/#?secret=zfp1SEmeEH\" width=\"500\" height=\"350\" title=\"&#8220;La capacidad de mirar. Descarga el manual&#8221; &#8212; ANDANAfoto.com\" data-secret=\"zfp1SEmeEH\" frameborder=\"0\" marginwidth=\"0\" marginheight=\"0\" scrolling=\"no\" class=\"wp-embedded-content\"><\/iframe><script>\n\/*! This file is auto-generated *\/\n!function(d,l){\"use strict\";l.querySelector&&d.addEventListener&&\"undefined\"!=typeof URL&&(d.wp=d.wp||{},d.wp.receiveEmbedMessage||(d.wp.receiveEmbedMessage=function(e){var t=e.data;if((t||t.secret||t.message||t.value)&&!\/[^a-zA-Z0-9]\/.test(t.secret)){for(var s,r,n,a=l.querySelectorAll('iframe[data-secret=\"'+t.secret+'\"]'),o=l.querySelectorAll('blockquote[data-secret=\"'+t.secret+'\"]'),c=new RegExp(\"^https?:$\",\"i\"),i=0;i<o.length;i++)o[i].style.display=\"none\";for(i=0;i<a.length;i++)s=a[i],e.source===s.contentWindow&&(s.removeAttribute(\"style\"),\"height\"===t.message?(1e3<(r=parseInt(t.value,10))?r=1e3:~~r<200&&(r=200),s.height=r):\"link\"===t.message&&(r=new URL(s.getAttribute(\"src\")),n=new URL(t.value),c.test(n.protocol))&&n.host===r.host&&l.activeElement===s&&(d.top.location.href=t.value))}},d.addEventListener(\"message\",d.wp.receiveEmbedMessage,!1),l.addEventListener(\"DOMContentLoaded\",function(){for(var e,t,s=l.querySelectorAll(\"iframe.wp-embedded-content\"),r=0;r<s.length;r++)(t=(e=s[r]).getAttribute(\"data-secret\"))||(t=Math.random().toString(36).substring(2,12),e.src+=\"#?secret=\"+t,e.setAttribute(\"data-secret\",t)),e.contentWindow.postMessage({message:\"ready\",secret:t},\"*\")},!1)))}(window,document);\n\/\/# sourceURL=https:\/\/andanafoto.com\/wp-includes\/js\/wp-embed.min.js\n<\/script>\n"},"_links":{"self":[{"href":"https:\/\/andanafoto.com\/en\/wp-json\/wp\/v2\/podcast\/63520","targetHints":{"allow":["GET"]}}],"collection":[{"href":"https:\/\/andanafoto.com\/en\/wp-json\/wp\/v2\/podcast"}],"about":[{"href":"https:\/\/andanafoto.com\/en\/wp-json\/wp\/v2\/types\/podcast"}],"author":[{"embeddable":true,"href":"https:\/\/andanafoto.com\/en\/wp-json\/wp\/v2\/users\/2"}],"replies":[{"embeddable":true,"href":"https:\/\/andanafoto.com\/en\/wp-json\/wp\/v2\/comments?post=63520"}],"wp:attachment":[{"href":"https:\/\/andanafoto.com\/en\/wp-json\/wp\/v2\/media?parent=63520"}],"wp:term":[{"taxonomy":"post_tag","embeddable":true,"href":"https:\/\/andanafoto.com\/en\/wp-json\/wp\/v2\/tags?post=63520"},{"taxonomy":"series","embeddable":true,"href":"https:\/\/andanafoto.com\/en\/wp-json\/wp\/v2\/series?post=63520"},{"taxonomy":"speaker","embeddable":true,"href":"https:\/\/andanafoto.com\/en\/wp-json\/wp\/v2\/speaker?post=63520"}],"curies":[{"name":"wp","href":"https:\/\/api.w.org\/{rel}","templated":true}]}}

<p>&nbsp;</p>
<p>¿Crees que cualquier persona puede hacer fotografías?</p>
<p>Todo ser humano tiene la capacidad de mirar, con diversidad psíquica o física. Todos podemos crear fotos.</p>
<p>La fotografía es inmediata y accesible. No depende de grandes conocimientos ni de equipos complejos. Está al alcance de cualquiera y permite algo muy sencillo y muy potente: conocer el mundo y dar a conocer la propia mirada.</p>
<p>No es necesario enseñar a mirar… cualquier persona sabe.</p>
<p>La fotografía permite captar fragmentos de vida, y expresar lo que cada persona lleva dentro. Es una forma de comunicar, de estar, de participar.</p>
<p>Si tienes cerca a una persona con diversidad, dale a conocer una cámara. Ponla en sus manos y deja que mire. Ahí empieza todo.</p>
<p>Porque todos somos iguales, también somos diversos,  todos tenemos la capacidad de mirar, de fotografiar y de contar nuestra propia historia en imágenes.</p>
<p>Y, por cierto, puedes descargar un manual de herramientas para utilizar la fotografía en entornos naturales en este enlace:</p>
<p><a href="https://imatgeiaccio.org/descargar-la-guia-metodologica/">Descargar la guía metodológica.</a></p>
<p>&nbsp;</p>
<p>Etiquetas: fotografía inclusiva, diversidad, accesibilidad, fotografía consciente, expresión personal, creatividad, inclusión social, lenguaje visual, desarrollo personal, identidad, comunicación visual, participación, diversidad funcional, fotografía para todos</p>

<p>&nbsp; ¿Crees que cualquier persona puede hacer fotografías? Todo ser humano tiene la capacidad de mirar, con diversidad psíquica o física. Todos podemos crear fotos. La fotografía es inmediata y accesible. No depende de grandes conocimientos ni de equipos complejos. Está al alcance de cualquiera y permite algo muy sencillo y muy potente: conocer el&hellip;</p>
