{"id":63497,"date":"2026-04-15T20:31:37","date_gmt":"2026-04-15T18:31:37","guid":{"rendered":"https:\/\/andanafoto.com\/?post_type=podcast&#038;p=63497"},"modified":"2026-04-21T13:22:52","modified_gmt":"2026-04-21T11:22:52","slug":"alteremos-la-mirada","status":"publish","type":"podcast","link":"https:\/\/andanafoto.com\/en\/podcast\/alteremos-la-mirada\/","title":{"rendered":"Alteremos la mirada"},"content":{"rendered":"<p>&nbsp;<\/p>\n<p class=\"isselectedend\">Una mirada alterada es entender que no vemos la realidad tal cual es\u2026<br \/>\nsino tal y como la interpretamos.<\/p>\n<p>Alterar la mirada puede un acto colectivo.<br \/>\nLo vemos en proyectos fotogr\u00e1ficos comunitarios,<br \/>\nen los que muchas personas retratan su entorno desde perspectivas antes invisibles.<\/p>\n<p>Adolescentes redescubren su barrio desde la c\u00e1mara.<br \/>\nPersonas que se reencuentran con su cuerpo a trav\u00e9s del autorretrato.<br \/>\nFamilias que reconstruyen su historia reordenando un \u00e1lbum.<\/p>\n<p>Estos gestos, aparentemente peque\u00f1os, son potentes.<br \/>\nPorque cuando muchas miradas nuevas se unen, algo se mueve.<br \/>\nCambia la narrativa dominante.<br \/>\nSe abre una grieta por la que entra luz.<\/p>\n<p>Vivir en una realidad alterada no es no ver la verdad.<br \/>\nEs que hemos aprendido que hay muchas verdades.<br \/>\nY que mirar el mundo con m\u00e1s profundidad, con m\u00e1s consciencia, con m\u00e1s belleza\u2026<br \/>\nno es mentir. Es elegir qu\u00e9 mirar y cuidarnos.<\/p>\n<p>Te invito a leer el art\u00edculo que escrib\u00ed sobre la realidad alterada en este enlace:<\/p>\n<p><a href=\"https:\/\/andanafoto.com\/vivimos-en-una-realidad-alterada\/\" target=\"_blank\" rel=\"noopener\">https:\/\/andanafoto.com\/vivimos-en-una-realidad-alterada\/<\/a><\/p>\n","protected":false},"excerpt":{"rendered":"<p>Una mirada alterada es entender que no vemos la realidad tal cual es\u2026<br \/>\nsino tal y como la interpretamos.<\/p>\n","protected":false},"author":2,"featured_media":0,"menu_order":0,"comment_status":"open","ping_status":"closed","template":"","meta":{"episode_type":"audio","audio_file":"https:\/\/andanafoto.com\/wp-content\/uploads\/2026\/04\/33-Alteremos-la-mirada.mp3","podmotor_file_id":"","podmotor_episode_id":"","cover_image":"https:\/\/andanafoto.com\/wp-content\/uploads\/2026\/04\/Alteremos-la-mirada-imagen.jpg","cover_image_id":"63498","duration":"00:00:59","filesize":"452.9k","filesize_raw":"463765","date_recorded":"2026-04-21 13:22:42","explicit":"","block":"","itunes_episode_number":"","itunes_title":"","itunes_season_number":"","itunes_episode_type":""},"tags":[202,776,761,620,660,82,775,382,205,698,669,673,653,777],"series":[567],"speaker":[577],"class_list":["post-63497","podcast","type-podcast","status-publish","hentry","tag-autoconocimiento","tag-cambio-social","tag-comunidad","tag-conciencia","tag-cultura-visual","tag-desarrollo-personal","tag-fotografia-comunitaria","tag-fotografia-terapeutica","tag-identidad","tag-mirada-consciente","tag-narrativa-visual","tag-perspectiva","tag-realidad-subjetiva","tag-transformacion","series-eresaquelloquemiras","speaker-amparo-munoz-morella","description-off"],"episode_featured_image":false,"episode_player_image":"https:\/\/andanafoto.com\/wp-content\/uploads\/2026\/04\/Alteremos-la-mirada-imagen.jpg","download_link":"https:\/\/andanafoto.com\/en\/podcast-download\/63497\/alteremos-la-mirada.mp3","player_link":"https:\/\/andanafoto.com\/en\/podcast-player\/63497\/alteremos-la-mirada.mp3","audio_player":null,"episode_data":{"playerMode":"dark","subscribeUrls":{"amazon":{"key":"amazon","url":"","label":"Amazon","class":"amazon","icon":"amazon.png"},"anchor":{"key":"anchor","url":"","label":"Anchor","class":"anchor","icon":"anchor.png"},"audible":{"key":"audible","url":"","label":"Audible","class":"audible","icon":"audible.png"},"apple_podcasts":{"key":"apple_podcasts","url":"https:\/\/podcasts.apple.com\/us\/podcast\/eres-quello-que-miras\/id1893321025","label":"Apple Podcasts","class":"apple_podcasts","icon":"apple-podcasts.png"},"castbox":{"key":"castbox","url":"","label":"CastBox","class":"castbox","icon":"castbox.png"},"castro":{"key":"castro","url":"","label":"Castro","class":"castro","icon":"castro.png"},"google_podcasts":{"key":"google_podcasts","url":"","label":"Google Podcasts","class":"google_podcasts","icon":"google-podcasts.png"},"pocketcasts":{"key":"pocketcasts","url":"https:\/\/pca.st\/572n09h8","label":"PocketCasts","class":"pocketcasts","icon":"pocketcasts.png"},"rss":{"key":"rss","url":"https:\/\/andanafoto.com\/feed\/podcast\/eresaquelloquemiras\/","label":"RSS","class":"rss","icon":"rss.png"},"spotify":{"key":"spotify","url":"https:\/\/open.spotify.com\/show\/2OkUjYTCp8ZMsiYxkpxYCD","label":"Spotify","class":"spotify","icon":"spotify.png"},"spreaker":{"key":"spreaker","url":"https:\/\/www.spreaker.com\/podcast\/eres-quello-que-miras--6951799","label":"Spreaker","class":"spreaker","icon":"spreaker.png"},"stitcher":{"key":"stitcher","url":"","label":"Stitcher","class":"stitcher","icon":"stitcher.png"},"itunes":{"key":"itunes","url":"","label":"iTunes","class":"itunes","icon":"itunes.png"},"ivoox":{"key":"ivoox","url":"https:\/\/go.ivoox.com\/sq\/3148613","label":"iVoox","class":"ivoox","icon":"ivoox.png"}},"rssFeedUrl":"https:\/\/andanafoto.com\/en\/feed\/podcast\/eresaquelloquemiras","embedCode":"<blockquote class=\"wp-embedded-content\" data-secret=\"3MVLxt2505\"><a href=\"https:\/\/andanafoto.com\/en\/podcast\/alteremos-la-mirada\/\">Alteremos la mirada<\/a><\/blockquote><iframe sandbox=\"allow-scripts\" security=\"restricted\" src=\"https:\/\/andanafoto.com\/en\/podcast\/alteremos-la-mirada\/embed\/#?secret=3MVLxt2505\" width=\"500\" height=\"350\" title=\"&#8220;Alteremos la mirada&#8221; &#8212; ANDANAfoto.com\" data-secret=\"3MVLxt2505\" frameborder=\"0\" marginwidth=\"0\" marginheight=\"0\" scrolling=\"no\" class=\"wp-embedded-content\"><\/iframe><script>\n\/*! This file is auto-generated *\/\n!function(d,l){\"use strict\";l.querySelector&&d.addEventListener&&\"undefined\"!=typeof URL&&(d.wp=d.wp||{},d.wp.receiveEmbedMessage||(d.wp.receiveEmbedMessage=function(e){var t=e.data;if((t||t.secret||t.message||t.value)&&!\/[^a-zA-Z0-9]\/.test(t.secret)){for(var s,r,n,a=l.querySelectorAll('iframe[data-secret=\"'+t.secret+'\"]'),o=l.querySelectorAll('blockquote[data-secret=\"'+t.secret+'\"]'),c=new RegExp(\"^https?:$\",\"i\"),i=0;i<o.length;i++)o[i].style.display=\"none\";for(i=0;i<a.length;i++)s=a[i],e.source===s.contentWindow&&(s.removeAttribute(\"style\"),\"height\"===t.message?(1e3<(r=parseInt(t.value,10))?r=1e3:~~r<200&&(r=200),s.height=r):\"link\"===t.message&&(r=new URL(s.getAttribute(\"src\")),n=new URL(t.value),c.test(n.protocol))&&n.host===r.host&&l.activeElement===s&&(d.top.location.href=t.value))}},d.addEventListener(\"message\",d.wp.receiveEmbedMessage,!1),l.addEventListener(\"DOMContentLoaded\",function(){for(var e,t,s=l.querySelectorAll(\"iframe.wp-embedded-content\"),r=0;r<s.length;r++)(t=(e=s[r]).getAttribute(\"data-secret\"))||(t=Math.random().toString(36).substring(2,12),e.src+=\"#?secret=\"+t,e.setAttribute(\"data-secret\",t)),e.contentWindow.postMessage({message:\"ready\",secret:t},\"*\")},!1)))}(window,document);\n\/\/# sourceURL=https:\/\/andanafoto.com\/wp-includes\/js\/wp-embed.min.js\n<\/script>\n"},"_links":{"self":[{"href":"https:\/\/andanafoto.com\/en\/wp-json\/wp\/v2\/podcast\/63497","targetHints":{"allow":["GET"]}}],"collection":[{"href":"https:\/\/andanafoto.com\/en\/wp-json\/wp\/v2\/podcast"}],"about":[{"href":"https:\/\/andanafoto.com\/en\/wp-json\/wp\/v2\/types\/podcast"}],"author":[{"embeddable":true,"href":"https:\/\/andanafoto.com\/en\/wp-json\/wp\/v2\/users\/2"}],"replies":[{"embeddable":true,"href":"https:\/\/andanafoto.com\/en\/wp-json\/wp\/v2\/comments?post=63497"}],"wp:attachment":[{"href":"https:\/\/andanafoto.com\/en\/wp-json\/wp\/v2\/media?parent=63497"}],"wp:term":[{"taxonomy":"post_tag","embeddable":true,"href":"https:\/\/andanafoto.com\/en\/wp-json\/wp\/v2\/tags?post=63497"},{"taxonomy":"series","embeddable":true,"href":"https:\/\/andanafoto.com\/en\/wp-json\/wp\/v2\/series?post=63497"},{"taxonomy":"speaker","embeddable":true,"href":"https:\/\/andanafoto.com\/en\/wp-json\/wp\/v2\/speaker?post=63497"}],"curies":[{"name":"wp","href":"https:\/\/api.w.org\/{rel}","templated":true}]}}

<p>&nbsp;</p>
<p class="isselectedend">Una mirada alterada es entender que no vemos la realidad tal cual es…<br />
sino tal y como la interpretamos.</p>
<p>Alterar la mirada puede un acto colectivo.<br />
Lo vemos en proyectos fotográficos comunitarios,<br />
en los que muchas personas retratan su entorno desde perspectivas antes invisibles.</p>
<p>Adolescentes redescubren su barrio desde la cámara.<br />
Personas que se reencuentran con su cuerpo a través del autorretrato.<br />
Familias que reconstruyen su historia reordenando un álbum.</p>
<p>Estos gestos, aparentemente pequeños, son potentes.<br />
Porque cuando muchas miradas nuevas se unen, algo se mueve.<br />
Cambia la narrativa dominante.<br />
Se abre una grieta por la que entra luz.</p>
<p>Vivir en una realidad alterada no es no ver la verdad.<br />
Es que hemos aprendido que hay muchas verdades.<br />
Y que mirar el mundo con más profundidad, con más consciencia, con más belleza…<br />
no es mentir. Es elegir qué mirar y cuidarnos.</p>
<p>Te invito a leer el artículo que escribí sobre la realidad alterada en este enlace:</p>
<p><a href="https://andanafoto.com/vivimos-en-una-realidad-alterada/" target="_blank" rel="noopener">https://andanafoto.com/vivimos-en-una-realidad-alterada/</a></p>
