{"id":63472,"date":"2026-04-14T10:41:47","date_gmt":"2026-04-14T08:41:47","guid":{"rendered":"https:\/\/andanafoto.com\/?post_type=podcast&#038;p=63472"},"modified":"2026-04-14T10:43:50","modified_gmt":"2026-04-14T08:43:50","slug":"respuesta-a-sunne-nadie-cuelga-fotos-tristes","status":"publish","type":"podcast","link":"https:\/\/andanafoto.com\/en\/podcast\/respuesta-a-sunne-nadie-cuelga-fotos-tristes\/","title":{"rendered":"Respuesta a Sunne: Nadie cuelga fotos tristes"},"content":{"rendered":"<p>&nbsp;<\/p>\n<p>En contestaci\u00f3n a Sunne, que dice que nadie cuelga fotos tristes.<br \/>\nMe lleva a comentar algo curioso: en el siglo XIX, se retrataba a los fallecidos. Era una forma de recordar, de tener una imagen, puede que la \u00fanica, de la persona que ya no estaba.<br \/>\nHoy, en cambio, hacemos much\u00edsimas fotos\u2026 pero las que guardamos en nuestros \u00e1lbumes familiares suelen ser las de cumplea\u00f1os, viajes, celebraciones,. Im\u00e1genes que nos invitan a recordar instantes irrepetibles de nuestra vida.<br \/>\nY ah\u00ed aparece algo muy humano: hay cosas que necesitamos recordar\u2026 y tambi\u00e9n momentos que preferimos olvidar o, al menos, no revivir constantemente.<br \/>\nDe hecho, hay investigaciones que se\u00f1alan que hacer fotograf\u00edas puede aumentar nuestra felicidad, porque ayuda a prestar m\u00e1s atenci\u00f3n a lo que vivimos intensificando la experiencia.<br \/>\nQuiz\u00e1 la cuesti\u00f3n no es solo que no hagamos fotos tristes, sino qu\u00e9 lugar les damos a las im\u00e1genes. Puede que, si empezamos a fotografiar tambi\u00e9n momentos complejos, o inc\u00f3modos, no para mostrarlos sino para nosotros, estemos abriendo una puerta a la expresi\u00f3n emocional y, de alguna forma, a una mayor sensaci\u00f3n de control sobre lo que vivimos.<br \/>\nPorque fotografiar\u2026 puede ser una manera de comprender lo que nos pasa.<\/p>\n","protected":false},"excerpt":{"rendered":"<p>Hay cosas que necesitamos recordar\u2026 y tambi\u00e9n momentos que preferimos olvidar o, al menos, no revivir constantemente.<\/p>\n","protected":false},"author":2,"featured_media":0,"menu_order":0,"comment_status":"open","ping_status":"closed","template":"","meta":{"episode_type":"audio","audio_file":"https:\/\/andanafoto.com\/wp-content\/uploads\/2026\/04\/25-Nadie-cuelga-fotos-tristes-Respuesta_v2.mp3","podmotor_file_id":"","podmotor_episode_id":"","cover_image":"https:\/\/andanafoto.com\/wp-content\/uploads\/2024\/09\/ERES-AQUELLO-QUE-MIRAS-Podcat-portada.jpg","cover_image_id":"58911","duration":"00:01:00","filesize":"581.02k","filesize_raw":"594963","date_recorded":"2026-04-14 10:41:36","explicit":"","block":"","itunes_episode_number":"","itunes_title":"","itunes_season_number":"","itunes_episode_type":""},"tags":[642,732,730,733,615,729,731,293,734,370,669,619,420,735],"series":[567],"speaker":[577],"class_list":["post-63472","podcast","type-podcast","status-publish","hentry","tag-bienestar-emocional","tag-duelo","tag-expresion-emocional","tag-felicidad","tag-fotografia-consciente","tag-fotografia-emocional","tag-fotografia-familiar","tag-historia-de-la-fotografia","tag-imagenes-personales","tag-memoria","tag-narrativa-visual","tag-percepcion","tag-psicologia","tag-recuerdos","series-eresaquelloquemiras","speaker-amparo-munoz-morella","description-off"],"episode_featured_image":false,"episode_player_image":"https:\/\/andanafoto.com\/wp-content\/uploads\/2024\/09\/ERES-AQUELLO-QUE-MIRAS-Podcat-portada.jpg","download_link":"https:\/\/andanafoto.com\/en\/podcast-download\/63472\/respuesta-a-sunne-nadie-cuelga-fotos-tristes.mp3","player_link":"https:\/\/andanafoto.com\/en\/podcast-player\/63472\/respuesta-a-sunne-nadie-cuelga-fotos-tristes.mp3","audio_player":null,"episode_data":{"playerMode":"dark","subscribeUrls":{"amazon":{"key":"amazon","url":"","label":"Amazon","class":"amazon","icon":"amazon.png"},"anchor":{"key":"anchor","url":"","label":"Anchor","class":"anchor","icon":"anchor.png"},"audible":{"key":"audible","url":"","label":"Audible","class":"audible","icon":"audible.png"},"apple_podcasts":{"key":"apple_podcasts","url":"https:\/\/podcasts.apple.com\/us\/podcast\/eres-quello-que-miras\/id1893321025","label":"Apple Podcasts","class":"apple_podcasts","icon":"apple-podcasts.png"},"castbox":{"key":"castbox","url":"","label":"CastBox","class":"castbox","icon":"castbox.png"},"castro":{"key":"castro","url":"","label":"Castro","class":"castro","icon":"castro.png"},"google_podcasts":{"key":"google_podcasts","url":"","label":"Google Podcasts","class":"google_podcasts","icon":"google-podcasts.png"},"pocketcasts":{"key":"pocketcasts","url":"https:\/\/pca.st\/572n09h8","label":"PocketCasts","class":"pocketcasts","icon":"pocketcasts.png"},"rss":{"key":"rss","url":"https:\/\/andanafoto.com\/feed\/podcast\/eresaquelloquemiras\/","label":"RSS","class":"rss","icon":"rss.png"},"spotify":{"key":"spotify","url":"https:\/\/open.spotify.com\/show\/2OkUjYTCp8ZMsiYxkpxYCD","label":"Spotify","class":"spotify","icon":"spotify.png"},"spreaker":{"key":"spreaker","url":"https:\/\/www.spreaker.com\/podcast\/eres-quello-que-miras--6951799","label":"Spreaker","class":"spreaker","icon":"spreaker.png"},"stitcher":{"key":"stitcher","url":"","label":"Stitcher","class":"stitcher","icon":"stitcher.png"},"itunes":{"key":"itunes","url":"","label":"iTunes","class":"itunes","icon":"itunes.png"},"ivoox":{"key":"ivoox","url":"https:\/\/go.ivoox.com\/sq\/3148613","label":"iVoox","class":"ivoox","icon":"ivoox.png"}},"rssFeedUrl":"https:\/\/andanafoto.com\/en\/feed\/podcast\/eresaquelloquemiras","embedCode":"<blockquote class=\"wp-embedded-content\" data-secret=\"xyvdSv3XG3\"><a href=\"https:\/\/andanafoto.com\/en\/podcast\/respuesta-a-sunne-nadie-cuelga-fotos-tristes\/\">Respuesta a Sunne: Nadie cuelga fotos tristes<\/a><\/blockquote><iframe sandbox=\"allow-scripts\" security=\"restricted\" src=\"https:\/\/andanafoto.com\/en\/podcast\/respuesta-a-sunne-nadie-cuelga-fotos-tristes\/embed\/#?secret=xyvdSv3XG3\" width=\"500\" height=\"350\" title=\"&#8220;Respuesta a Sunne: Nadie cuelga fotos tristes&#8221; &#8212; ANDANAfoto.com\" data-secret=\"xyvdSv3XG3\" frameborder=\"0\" marginwidth=\"0\" marginheight=\"0\" scrolling=\"no\" class=\"wp-embedded-content\"><\/iframe><script>\n\/*! This file is auto-generated *\/\n!function(d,l){\"use strict\";l.querySelector&&d.addEventListener&&\"undefined\"!=typeof URL&&(d.wp=d.wp||{},d.wp.receiveEmbedMessage||(d.wp.receiveEmbedMessage=function(e){var t=e.data;if((t||t.secret||t.message||t.value)&&!\/[^a-zA-Z0-9]\/.test(t.secret)){for(var s,r,n,a=l.querySelectorAll('iframe[data-secret=\"'+t.secret+'\"]'),o=l.querySelectorAll('blockquote[data-secret=\"'+t.secret+'\"]'),c=new RegExp(\"^https?:$\",\"i\"),i=0;i<o.length;i++)o[i].style.display=\"none\";for(i=0;i<a.length;i++)s=a[i],e.source===s.contentWindow&&(s.removeAttribute(\"style\"),\"height\"===t.message?(1e3<(r=parseInt(t.value,10))?r=1e3:~~r<200&&(r=200),s.height=r):\"link\"===t.message&&(r=new URL(s.getAttribute(\"src\")),n=new URL(t.value),c.test(n.protocol))&&n.host===r.host&&l.activeElement===s&&(d.top.location.href=t.value))}},d.addEventListener(\"message\",d.wp.receiveEmbedMessage,!1),l.addEventListener(\"DOMContentLoaded\",function(){for(var e,t,s=l.querySelectorAll(\"iframe.wp-embedded-content\"),r=0;r<s.length;r++)(t=(e=s[r]).getAttribute(\"data-secret\"))||(t=Math.random().toString(36).substring(2,12),e.src+=\"#?secret=\"+t,e.setAttribute(\"data-secret\",t)),e.contentWindow.postMessage({message:\"ready\",secret:t},\"*\")},!1)))}(window,document);\n\/\/# sourceURL=https:\/\/andanafoto.com\/wp-includes\/js\/wp-embed.min.js\n<\/script>\n"},"_links":{"self":[{"href":"https:\/\/andanafoto.com\/en\/wp-json\/wp\/v2\/podcast\/63472","targetHints":{"allow":["GET"]}}],"collection":[{"href":"https:\/\/andanafoto.com\/en\/wp-json\/wp\/v2\/podcast"}],"about":[{"href":"https:\/\/andanafoto.com\/en\/wp-json\/wp\/v2\/types\/podcast"}],"author":[{"embeddable":true,"href":"https:\/\/andanafoto.com\/en\/wp-json\/wp\/v2\/users\/2"}],"replies":[{"embeddable":true,"href":"https:\/\/andanafoto.com\/en\/wp-json\/wp\/v2\/comments?post=63472"}],"wp:attachment":[{"href":"https:\/\/andanafoto.com\/en\/wp-json\/wp\/v2\/media?parent=63472"}],"wp:term":[{"taxonomy":"post_tag","embeddable":true,"href":"https:\/\/andanafoto.com\/en\/wp-json\/wp\/v2\/tags?post=63472"},{"taxonomy":"series","embeddable":true,"href":"https:\/\/andanafoto.com\/en\/wp-json\/wp\/v2\/series?post=63472"},{"taxonomy":"speaker","embeddable":true,"href":"https:\/\/andanafoto.com\/en\/wp-json\/wp\/v2\/speaker?post=63472"}],"curies":[{"name":"wp","href":"https:\/\/api.w.org\/{rel}","templated":true}]}}

<p>&nbsp;</p>
<p>En contestación a Sunne, que dice que nadie cuelga fotos tristes.<br />
Me lleva a comentar algo curioso: en el siglo XIX, se retrataba a los fallecidos. Era una forma de recordar, de tener una imagen, puede que la única, de la persona que ya no estaba.<br />
Hoy, en cambio, hacemos muchísimas fotos… pero las que guardamos en nuestros álbumes familiares suelen ser las de cumpleaños, viajes, celebraciones,. Imágenes que nos invitan a recordar instantes irrepetibles de nuestra vida.<br />
Y ahí aparece algo muy humano: hay cosas que necesitamos recordar… y también momentos que preferimos olvidar o, al menos, no revivir constantemente.<br />
De hecho, hay investigaciones que señalan que hacer fotografías puede aumentar nuestra felicidad, porque ayuda a prestar más atención a lo que vivimos intensificando la experiencia.<br />
Quizá la cuestión no es solo que no hagamos fotos tristes, sino qué lugar les damos a las imágenes. Puede que, si empezamos a fotografiar también momentos complejos, o incómodos, no para mostrarlos sino para nosotros, estemos abriendo una puerta a la expresión emocional y, de alguna forma, a una mayor sensación de control sobre lo que vivimos.<br />
Porque fotografiar… puede ser una manera de comprender lo que nos pasa.</p>

<p>Hay cosas que necesitamos recordar… y también momentos que preferimos olvidar o, al menos, no revivir constantemente.</p>
