{"id":63462,"date":"2026-04-11T21:04:19","date_gmt":"2026-04-11T19:04:19","guid":{"rendered":"https:\/\/andanafoto.com\/?post_type=podcast&#038;p=63462"},"modified":"2026-04-11T21:06:30","modified_gmt":"2026-04-11T19:06:30","slug":"23-helen-lewit-la-calle-es-un-escenario","status":"publish","type":"podcast","link":"https:\/\/andanafoto.com\/en\/podcast\/23-helen-lewit-la-calle-es-un-escenario\/","title":{"rendered":"23. Helen Lewit, la calle es un escenario"},"content":{"rendered":"<p>&nbsp;<\/p>\n<p>Hoy hemos viajado a Madrid para visitar la exposici\u00f3n de Helen Levitt en la Fundaci\u00f3n Mapfre. Fue una fot\u00f3grafa que miraba la calle como si fuera un escenario repleto de personajes. Sus im\u00e1genes, aparentemente sencillas, capturan momentos cotidianos \u2014ni\u00f1os jugando, gestos espont\u00e1neos, escenas desde las ventanas\u2014 con una sensibilidad que las convierte en im\u00e1genes cercanas, casi reconocibles, como si pudieran pertenecer a nuestro propio pueblo.<\/p>\n<p>Me ha llamado especialmente la atenci\u00f3n su mirada hacia la infancia: ni\u00f1os que est\u00e1n en la calle con libertad, que juegan, que crean, que se expresan. Tambi\u00e9n esos garabatos hechos con tiza en paredes y suelos, como huellas de expresi\u00f3n, como una necesidad de dejar marca.<\/p>\n<p>Hay en su obra una mezcla de juego y humanidad, pero tambi\u00e9n el retrato de un Nueva York del siglo pasado, olvidado y muy distinto al de hoy.<\/p>\n<p>Una exposici\u00f3n que nos recuerda la importancia de observar lo cotidiano: los dibujos en la calle, las personas que expresan, los balcones habitados. La vida est\u00e1 llena de peque\u00f1os instantes, de personas que aparecen solo cuando paramos para mirar.<\/p>\n<p>Enlace a la exposici\u00f3n: <a href=\"https:\/\/www.fundacionmapfre.org\/arte-y-cultura\/exposiciones\/historico\/ano-2025\/helen-levitt\/\">https:\/\/www.fundacionmapfre.org\/arte-y-cultura\/exposiciones\/historico\/ano-2025\/helen-levitt\/<\/a><\/p>\n","protected":false},"excerpt":{"rendered":"<p>Hoy hemos viajado a Madrid para visitar la exposici\u00f3n de Helen Levitt en la Fundaci\u00f3n Mapfre. Me ha llamado la atenci\u00f3n su mirada hacia la infancia.<\/p>\n","protected":false},"author":2,"featured_media":0,"menu_order":0,"comment_status":"open","ping_status":"closed","template":"","meta":{"episode_type":"audio","audio_file":"https:\/\/andanafoto.com\/wp-content\/uploads\/2026\/04\/23-Helen-Lewit-la-calle-es-un-escenario.mp3","podmotor_file_id":"","podmotor_episode_id":"","cover_image":"https:\/\/andanafoto.com\/wp-content\/uploads\/2026\/04\/23-Helen-Lewit-la-calle-es-un-escenario.jpg","cover_image_id":"63464","duration":"00:01:00","filesize":"399.49k","filesize_raw":"409075","date_recorded":"2026-04-11 21:00:22","explicit":"","block":"","itunes_episode_number":"","itunes_title":"","itunes_season_number":"","itunes_episode_type":""},"tags":[250,660,715,720,656,415,717,716,714,228,632,721,719,666,718],"series":[567],"speaker":[577],"class_list":["post-63462","podcast","type-podcast","status-publish","hentry","tag-creatividad","tag-cultura-visual","tag-exposicion-fotografica","tag-expresion-urbana","tag-fotografia-artistica","tag-fotografia-callejera","tag-fotografia-documental","tag-fundacion-mapfre","tag-helen-levitt","tag-infancia","tag-mirada-fotografica","tag-momentos-cotidianos","tag-nueva-york","tag-observacion","tag-vida-cotidiana","series-eresaquelloquemiras","speaker-amparo-munoz-morella","description-off"],"episode_featured_image":false,"episode_player_image":"https:\/\/andanafoto.com\/wp-content\/uploads\/2026\/04\/23-Helen-Lewit-la-calle-es-un-escenario.jpg","download_link":"https:\/\/andanafoto.com\/en\/podcast-download\/63462\/23-helen-lewit-la-calle-es-un-escenario.mp3","player_link":"https:\/\/andanafoto.com\/en\/podcast-player\/63462\/23-helen-lewit-la-calle-es-un-escenario.mp3","audio_player":null,"episode_data":{"playerMode":"dark","subscribeUrls":{"amazon":{"key":"amazon","url":"","label":"Amazon","class":"amazon","icon":"amazon.png"},"anchor":{"key":"anchor","url":"","label":"Anchor","class":"anchor","icon":"anchor.png"},"audible":{"key":"audible","url":"","label":"Audible","class":"audible","icon":"audible.png"},"apple_podcasts":{"key":"apple_podcasts","url":"https:\/\/podcasts.apple.com\/us\/podcast\/eres-quello-que-miras\/id1893321025","label":"Apple Podcasts","class":"apple_podcasts","icon":"apple-podcasts.png"},"castbox":{"key":"castbox","url":"","label":"CastBox","class":"castbox","icon":"castbox.png"},"castro":{"key":"castro","url":"","label":"Castro","class":"castro","icon":"castro.png"},"google_podcasts":{"key":"google_podcasts","url":"","label":"Google Podcasts","class":"google_podcasts","icon":"google-podcasts.png"},"pocketcasts":{"key":"pocketcasts","url":"https:\/\/pca.st\/572n09h8","label":"PocketCasts","class":"pocketcasts","icon":"pocketcasts.png"},"rss":{"key":"rss","url":"https:\/\/andanafoto.com\/feed\/podcast\/eresaquelloquemiras\/","label":"RSS","class":"rss","icon":"rss.png"},"spotify":{"key":"spotify","url":"https:\/\/open.spotify.com\/show\/2OkUjYTCp8ZMsiYxkpxYCD","label":"Spotify","class":"spotify","icon":"spotify.png"},"spreaker":{"key":"spreaker","url":"https:\/\/www.spreaker.com\/podcast\/eres-quello-que-miras--6951799","label":"Spreaker","class":"spreaker","icon":"spreaker.png"},"stitcher":{"key":"stitcher","url":"","label":"Stitcher","class":"stitcher","icon":"stitcher.png"},"itunes":{"key":"itunes","url":"","label":"iTunes","class":"itunes","icon":"itunes.png"},"ivoox":{"key":"ivoox","url":"https:\/\/go.ivoox.com\/sq\/3148613","label":"iVoox","class":"ivoox","icon":"ivoox.png"}},"rssFeedUrl":"https:\/\/andanafoto.com\/en\/feed\/podcast\/eresaquelloquemiras","embedCode":"<blockquote class=\"wp-embedded-content\" data-secret=\"qOSAY62p9A\"><a href=\"https:\/\/andanafoto.com\/en\/podcast\/23-helen-lewit-la-calle-es-un-escenario\/\">23. Helen Lewit, la calle es un escenario<\/a><\/blockquote><iframe sandbox=\"allow-scripts\" security=\"restricted\" src=\"https:\/\/andanafoto.com\/en\/podcast\/23-helen-lewit-la-calle-es-un-escenario\/embed\/#?secret=qOSAY62p9A\" width=\"500\" height=\"350\" title=\"&#8220;23. Helen Lewit, la calle es un escenario&#8221; &#8212; ANDANAfoto.com\" data-secret=\"qOSAY62p9A\" frameborder=\"0\" marginwidth=\"0\" marginheight=\"0\" scrolling=\"no\" class=\"wp-embedded-content\"><\/iframe><script>\n\/*! This file is auto-generated *\/\n!function(d,l){\"use strict\";l.querySelector&&d.addEventListener&&\"undefined\"!=typeof URL&&(d.wp=d.wp||{},d.wp.receiveEmbedMessage||(d.wp.receiveEmbedMessage=function(e){var t=e.data;if((t||t.secret||t.message||t.value)&&!\/[^a-zA-Z0-9]\/.test(t.secret)){for(var s,r,n,a=l.querySelectorAll('iframe[data-secret=\"'+t.secret+'\"]'),o=l.querySelectorAll('blockquote[data-secret=\"'+t.secret+'\"]'),c=new RegExp(\"^https?:$\",\"i\"),i=0;i<o.length;i++)o[i].style.display=\"none\";for(i=0;i<a.length;i++)s=a[i],e.source===s.contentWindow&&(s.removeAttribute(\"style\"),\"height\"===t.message?(1e3<(r=parseInt(t.value,10))?r=1e3:~~r<200&&(r=200),s.height=r):\"link\"===t.message&&(r=new URL(s.getAttribute(\"src\")),n=new URL(t.value),c.test(n.protocol))&&n.host===r.host&&l.activeElement===s&&(d.top.location.href=t.value))}},d.addEventListener(\"message\",d.wp.receiveEmbedMessage,!1),l.addEventListener(\"DOMContentLoaded\",function(){for(var e,t,s=l.querySelectorAll(\"iframe.wp-embedded-content\"),r=0;r<s.length;r++)(t=(e=s[r]).getAttribute(\"data-secret\"))||(t=Math.random().toString(36).substring(2,12),e.src+=\"#?secret=\"+t,e.setAttribute(\"data-secret\",t)),e.contentWindow.postMessage({message:\"ready\",secret:t},\"*\")},!1)))}(window,document);\n\/\/# sourceURL=https:\/\/andanafoto.com\/wp-includes\/js\/wp-embed.min.js\n<\/script>\n"},"_links":{"self":[{"href":"https:\/\/andanafoto.com\/en\/wp-json\/wp\/v2\/podcast\/63462","targetHints":{"allow":["GET"]}}],"collection":[{"href":"https:\/\/andanafoto.com\/en\/wp-json\/wp\/v2\/podcast"}],"about":[{"href":"https:\/\/andanafoto.com\/en\/wp-json\/wp\/v2\/types\/podcast"}],"author":[{"embeddable":true,"href":"https:\/\/andanafoto.com\/en\/wp-json\/wp\/v2\/users\/2"}],"replies":[{"embeddable":true,"href":"https:\/\/andanafoto.com\/en\/wp-json\/wp\/v2\/comments?post=63462"}],"wp:attachment":[{"href":"https:\/\/andanafoto.com\/en\/wp-json\/wp\/v2\/media?parent=63462"}],"wp:term":[{"taxonomy":"post_tag","embeddable":true,"href":"https:\/\/andanafoto.com\/en\/wp-json\/wp\/v2\/tags?post=63462"},{"taxonomy":"series","embeddable":true,"href":"https:\/\/andanafoto.com\/en\/wp-json\/wp\/v2\/series?post=63462"},{"taxonomy":"speaker","embeddable":true,"href":"https:\/\/andanafoto.com\/en\/wp-json\/wp\/v2\/speaker?post=63462"}],"curies":[{"name":"wp","href":"https:\/\/api.w.org\/{rel}","templated":true}]}}

<p>&nbsp;</p>
<p>Hoy hemos viajado a Madrid para visitar la exposición de Helen Levitt en la Fundación Mapfre. Fue una fotógrafa que miraba la calle como si fuera un escenario repleto de personajes. Sus imágenes, aparentemente sencillas, capturan momentos cotidianos —niños jugando, gestos espontáneos, escenas desde las ventanas— con una sensibilidad que las convierte en imágenes cercanas, casi reconocibles, como si pudieran pertenecer a nuestro propio pueblo.</p>
<p>Me ha llamado especialmente la atención su mirada hacia la infancia: niños que están en la calle con libertad, que juegan, que crean, que se expresan. También esos garabatos hechos con tiza en paredes y suelos, como huellas de expresión, como una necesidad de dejar marca.</p>
<p>Hay en su obra una mezcla de juego y humanidad, pero también el retrato de un Nueva York del siglo pasado, olvidado y muy distinto al de hoy.</p>
<p>Una exposición que nos recuerda la importancia de observar lo cotidiano: los dibujos en la calle, las personas que expresan, los balcones habitados. La vida está llena de pequeños instantes, de personas que aparecen solo cuando paramos para mirar.</p>
<p>Enlace a la exposición: <a href="https://www.fundacionmapfre.org/arte-y-cultura/exposiciones/historico/ano-2025/helen-levitt/">https://www.fundacionmapfre.org/arte-y-cultura/exposiciones/historico/ano-2025/helen-levitt/</a></p>

<p>Hoy hemos viajado a Madrid para visitar la exposición de Helen Levitt en la Fundación Mapfre. Me ha llamado la atención su mirada hacia la infancia.</p>
