{"id":63430,"date":"2026-04-09T14:08:55","date_gmt":"2026-04-09T12:08:55","guid":{"rendered":"https:\/\/andanafoto.com\/?post_type=podcast&#038;p=63430"},"modified":"2026-04-14T19:27:07","modified_gmt":"2026-04-14T17:27:07","slug":"tienes-dos-yos","status":"publish","type":"podcast","link":"https:\/\/andanafoto.com\/en\/podcast\/tienes-dos-yos\/","title":{"rendered":"Tienes dos yos"},"content":{"rendered":"<p>&nbsp;<\/p>\n<p>Existen dos maneras de experimentarte.<\/p>\n<p>El <strong>yo m\u00ednimo<\/strong> es el de este instante. Es presencia pura. No necesita historia ni explicaci\u00f3n. Es cuando simplemente est\u00e1s: respirando, mirando, sintiendo.<br \/>\nEn fotograf\u00eda aparece cuando haces una imagen sin pensar demasiado\u2026 cuando algo se revela antes de que puedas controlarlo.<\/p>\n<p>El <strong>yo narrativo<\/strong> es la construcci\u00f3n que hacemos a trav\u00e9s del lenguaje y el tiempo: nuestra biograf\u00eda, nuestros recuerdos, la historia que contamos sobre qui\u00e9nes somos.<br \/>\nEs tambi\u00e9n esa voz que, al hacer una foto, te dice: \u201cas\u00ed no salgo bien\u201d, \u201cesto no me representa\u201d, \u201cmejor repite\u201d.<\/p>\n<p>Ambos son necesarios.<br \/>\nPodemos fotografiar desde los dos lugares\u2026 y cada uno nos muestra algo distinto.<\/p>\n","protected":false},"excerpt":{"rendered":"<p>&nbsp; Existen dos maneras de experimentarte. El yo m\u00ednimo es el de este instante. Es presencia pura. No necesita historia ni explicaci\u00f3n. Es cuando simplemente est\u00e1s: respirando, mirando, sintiendo. En fotograf\u00eda aparece cuando haces una imagen sin pensar demasiado\u2026 cuando algo se revela antes de que puedas controlarlo. El yo narrativo es la construcci\u00f3n que&hellip;<\/p>\n","protected":false},"author":2,"featured_media":0,"menu_order":0,"comment_status":"open","ping_status":"closed","template":"","meta":{"episode_type":"audio","audio_file":"https:\/\/andanafoto.com\/wp-content\/uploads\/2026\/04\/21-Tienes-dos-yos.mp3","podmotor_file_id":"","podmotor_episode_id":"","cover_image":"https:\/\/andanafoto.com\/wp-content\/uploads\/2024\/09\/ERES-AQUELLO-QUE-MIRAS-Podcat-portada.jpg","cover_image_id":"58911","duration":"00:00:46","filesize":"721.73k","filesize_raw":"739053","date_recorded":"2026-04-09 14:08:34","explicit":"","block":"","itunes_episode_number":"","itunes_title":"","itunes_season_number":"","itunes_episode_type":""},"tags":[202,615,205,348,619,420,708,705],"series":[567],"speaker":[577],"class_list":["post-63430","podcast","type-podcast","status-publish","hentry","tag-autoconocimiento","tag-fotografia-consciente","tag-identidad","tag-introspeccion","tag-percepcion","tag-psicologia","tag-yo-minimo","tag-yo-narrativo","series-eresaquelloquemiras","speaker-amparo-munoz-morella","description-off"],"episode_featured_image":false,"episode_player_image":"https:\/\/andanafoto.com\/wp-content\/uploads\/2024\/09\/ERES-AQUELLO-QUE-MIRAS-Podcat-portada.jpg","download_link":"https:\/\/andanafoto.com\/en\/podcast-download\/63430\/tienes-dos-yos.mp3","player_link":"https:\/\/andanafoto.com\/en\/podcast-player\/63430\/tienes-dos-yos.mp3","audio_player":null,"episode_data":{"playerMode":"dark","subscribeUrls":{"amazon":{"key":"amazon","url":"","label":"Amazon","class":"amazon","icon":"amazon.png"},"anchor":{"key":"anchor","url":"","label":"Anchor","class":"anchor","icon":"anchor.png"},"audible":{"key":"audible","url":"","label":"Audible","class":"audible","icon":"audible.png"},"apple_podcasts":{"key":"apple_podcasts","url":"https:\/\/podcasts.apple.com\/us\/podcast\/eres-quello-que-miras\/id1893321025","label":"Apple Podcasts","class":"apple_podcasts","icon":"apple-podcasts.png"},"castbox":{"key":"castbox","url":"","label":"CastBox","class":"castbox","icon":"castbox.png"},"castro":{"key":"castro","url":"","label":"Castro","class":"castro","icon":"castro.png"},"google_podcasts":{"key":"google_podcasts","url":"","label":"Google Podcasts","class":"google_podcasts","icon":"google-podcasts.png"},"pocketcasts":{"key":"pocketcasts","url":"https:\/\/pca.st\/572n09h8","label":"PocketCasts","class":"pocketcasts","icon":"pocketcasts.png"},"rss":{"key":"rss","url":"https:\/\/andanafoto.com\/feed\/podcast\/eresaquelloquemiras\/","label":"RSS","class":"rss","icon":"rss.png"},"spotify":{"key":"spotify","url":"https:\/\/open.spotify.com\/show\/2OkUjYTCp8ZMsiYxkpxYCD","label":"Spotify","class":"spotify","icon":"spotify.png"},"spreaker":{"key":"spreaker","url":"https:\/\/www.spreaker.com\/podcast\/eres-quello-que-miras--6951799","label":"Spreaker","class":"spreaker","icon":"spreaker.png"},"stitcher":{"key":"stitcher","url":"","label":"Stitcher","class":"stitcher","icon":"stitcher.png"},"itunes":{"key":"itunes","url":"","label":"iTunes","class":"itunes","icon":"itunes.png"},"ivoox":{"key":"ivoox","url":"https:\/\/go.ivoox.com\/sq\/3148613","label":"iVoox","class":"ivoox","icon":"ivoox.png"}},"rssFeedUrl":"https:\/\/andanafoto.com\/en\/feed\/podcast\/eresaquelloquemiras","embedCode":"<blockquote class=\"wp-embedded-content\" data-secret=\"SGhSGjlbZP\"><a href=\"https:\/\/andanafoto.com\/en\/podcast\/tienes-dos-yos\/\">Tienes dos yos<\/a><\/blockquote><iframe sandbox=\"allow-scripts\" security=\"restricted\" src=\"https:\/\/andanafoto.com\/en\/podcast\/tienes-dos-yos\/embed\/#?secret=SGhSGjlbZP\" width=\"500\" height=\"350\" title=\"&#8220;Tienes dos yos&#8221; &#8212; ANDANAfoto.com\" data-secret=\"SGhSGjlbZP\" frameborder=\"0\" marginwidth=\"0\" marginheight=\"0\" scrolling=\"no\" class=\"wp-embedded-content\"><\/iframe><script>\n\/*! This file is auto-generated *\/\n!function(d,l){\"use strict\";l.querySelector&&d.addEventListener&&\"undefined\"!=typeof URL&&(d.wp=d.wp||{},d.wp.receiveEmbedMessage||(d.wp.receiveEmbedMessage=function(e){var t=e.data;if((t||t.secret||t.message||t.value)&&!\/[^a-zA-Z0-9]\/.test(t.secret)){for(var s,r,n,a=l.querySelectorAll('iframe[data-secret=\"'+t.secret+'\"]'),o=l.querySelectorAll('blockquote[data-secret=\"'+t.secret+'\"]'),c=new RegExp(\"^https?:$\",\"i\"),i=0;i<o.length;i++)o[i].style.display=\"none\";for(i=0;i<a.length;i++)s=a[i],e.source===s.contentWindow&&(s.removeAttribute(\"style\"),\"height\"===t.message?(1e3<(r=parseInt(t.value,10))?r=1e3:~~r<200&&(r=200),s.height=r):\"link\"===t.message&&(r=new URL(s.getAttribute(\"src\")),n=new URL(t.value),c.test(n.protocol))&&n.host===r.host&&l.activeElement===s&&(d.top.location.href=t.value))}},d.addEventListener(\"message\",d.wp.receiveEmbedMessage,!1),l.addEventListener(\"DOMContentLoaded\",function(){for(var e,t,s=l.querySelectorAll(\"iframe.wp-embedded-content\"),r=0;r<s.length;r++)(t=(e=s[r]).getAttribute(\"data-secret\"))||(t=Math.random().toString(36).substring(2,12),e.src+=\"#?secret=\"+t,e.setAttribute(\"data-secret\",t)),e.contentWindow.postMessage({message:\"ready\",secret:t},\"*\")},!1)))}(window,document);\n\/\/# sourceURL=https:\/\/andanafoto.com\/wp-includes\/js\/wp-embed.min.js\n<\/script>\n"},"_links":{"self":[{"href":"https:\/\/andanafoto.com\/en\/wp-json\/wp\/v2\/podcast\/63430","targetHints":{"allow":["GET"]}}],"collection":[{"href":"https:\/\/andanafoto.com\/en\/wp-json\/wp\/v2\/podcast"}],"about":[{"href":"https:\/\/andanafoto.com\/en\/wp-json\/wp\/v2\/types\/podcast"}],"author":[{"embeddable":true,"href":"https:\/\/andanafoto.com\/en\/wp-json\/wp\/v2\/users\/2"}],"replies":[{"embeddable":true,"href":"https:\/\/andanafoto.com\/en\/wp-json\/wp\/v2\/comments?post=63430"}],"wp:attachment":[{"href":"https:\/\/andanafoto.com\/en\/wp-json\/wp\/v2\/media?parent=63430"}],"wp:term":[{"taxonomy":"post_tag","embeddable":true,"href":"https:\/\/andanafoto.com\/en\/wp-json\/wp\/v2\/tags?post=63430"},{"taxonomy":"series","embeddable":true,"href":"https:\/\/andanafoto.com\/en\/wp-json\/wp\/v2\/series?post=63430"},{"taxonomy":"speaker","embeddable":true,"href":"https:\/\/andanafoto.com\/en\/wp-json\/wp\/v2\/speaker?post=63430"}],"curies":[{"name":"wp","href":"https:\/\/api.w.org\/{rel}","templated":true}]}}

<p>&nbsp;</p>
<p>Existen dos maneras de experimentarte.</p>
<p>El <strong>yo mínimo</strong> es el de este instante. Es presencia pura. No necesita historia ni explicación. Es cuando simplemente estás: respirando, mirando, sintiendo.<br />
En fotografía aparece cuando haces una imagen sin pensar demasiado… cuando algo se revela antes de que puedas controlarlo.</p>
<p>El <strong>yo narrativo</strong> es la construcción que hacemos a través del lenguaje y el tiempo: nuestra biografía, nuestros recuerdos, la historia que contamos sobre quiénes somos.<br />
Es también esa voz que, al hacer una foto, te dice: “así no salgo bien”, “esto no me representa”, “mejor repite”.</p>
<p>Ambos son necesarios.<br />
Podemos fotografiar desde los dos lugares… y cada uno nos muestra algo distinto.</p>

<p>&nbsp; Existen dos maneras de experimentarte. El yo mínimo es el de este instante. Es presencia pura. No necesita historia ni explicación. Es cuando simplemente estás: respirando, mirando, sintiendo. En fotografía aparece cuando haces una imagen sin pensar demasiado… cuando algo se revela antes de que puedas controlarlo. El yo narrativo es la construcción que&hellip;</p>
