{"id":63428,"date":"2026-04-09T14:04:36","date_gmt":"2026-04-09T12:04:36","guid":{"rendered":"https:\/\/andanafoto.com\/?post_type=podcast&#038;p=63428"},"modified":"2026-04-09T20:56:20","modified_gmt":"2026-04-09T18:56:20","slug":"soy-amparo","status":"publish","type":"podcast","link":"https:\/\/andanafoto.com\/en\/podcast\/soy-amparo\/","title":{"rendered":"Soy amparo"},"content":{"rendered":"<p>&nbsp;<\/p>\n<p>Ya estamos en el episodio 20 del podcast\u2026 y puede ser un buen momento para parar y presentarme.<br \/>\nMi nombre es Amparo Mu\u00f1oz Morell\u00e1.<br \/>\nSiempre me gusta decir tambi\u00e9n el apellido de mi madre\u2026 porque al nombrarlo, la visibilizo.<br \/>\nSoy psic\u00f3loga de formaci\u00f3n y de profesi\u00f3n, amante de la fotograf\u00eda y divulgadora del uso de la fotograf\u00eda como herramienta para el desarrollo personal.<br \/>\nY este espacio nace para eso.<br \/>\nPara compartir contigo, algo importante:<br \/>\nque eres aquello que miras.<br \/>\nQue pensamos en im\u00e1genes.<br \/>\nQue vivimos en im\u00e1genes.<br \/>\nY que hay im\u00e1genes transformadoras\u2026 capaces de cambiarnos y, quiz\u00e1, tambi\u00e9n cambiar el mundo.<br \/>\nPuedes encontrarme y seguir explorando todo esto en nuestro espacio online:<br \/>\nandanafoto.com<br \/>\nSi hay alg\u00fan tema que te interesa especialmente, si hay algo que te gustar\u00eda que abordara en el podcast\u2026 escr\u00edbeme.<br \/>\nYo har\u00e9 lo posible por llevarlo aqu\u00ed.<br \/>\nGracias por escucharme<\/p>\n","protected":false},"excerpt":{"rendered":"<p>Ya estamos en el episodio 20 del podcast\u2026 y puede ser un buen momento para parar y presentarme.<br \/>\nMi nombre es Amparo Mu\u00f1oz Morell\u00e1.<\/p>\n","protected":false},"author":2,"featured_media":0,"menu_order":0,"comment_status":"open","ping_status":"closed","template":"","meta":{"episode_type":"audio","audio_file":"https:\/\/andanafoto.com\/wp-content\/uploads\/2026\/04\/20-Soy-Amparo.mp3","podmotor_file_id":"","podmotor_episode_id":"","cover_image":"https:\/\/andanafoto.com\/wp-content\/uploads\/2024\/09\/ERES-AQUELLO-QUE-MIRAS-Podcat-portada.jpg","cover_image_id":"58911","duration":"00:00:55","filesize":"853.92k","filesize_raw":"874413","date_recorded":"2026-04-09 14:04:16","explicit":"","block":"","itunes_episode_number":"","itunes_title":"","itunes_season_number":"","itunes_episode_type":""},"tags":[202,82,615,205,707,627,706,420],"series":[567],"speaker":[577],"class_list":["post-63428","podcast","type-podcast","status-publish","hentry","tag-autoconocimiento","tag-desarrollo-personal","tag-fotografia-consciente","tag-identidad","tag-imagenes-transformadoras","tag-narrativa-personal","tag-presentacion-personal","tag-psicologia","series-eresaquelloquemiras","speaker-amparo-munoz-morella","description-off"],"episode_featured_image":false,"episode_player_image":"https:\/\/andanafoto.com\/wp-content\/uploads\/2024\/09\/ERES-AQUELLO-QUE-MIRAS-Podcat-portada.jpg","download_link":"https:\/\/andanafoto.com\/en\/podcast-download\/63428\/soy-amparo.mp3","player_link":"https:\/\/andanafoto.com\/en\/podcast-player\/63428\/soy-amparo.mp3","audio_player":null,"episode_data":{"playerMode":"dark","subscribeUrls":{"amazon":{"key":"amazon","url":"","label":"Amazon","class":"amazon","icon":"amazon.png"},"anchor":{"key":"anchor","url":"","label":"Anchor","class":"anchor","icon":"anchor.png"},"audible":{"key":"audible","url":"","label":"Audible","class":"audible","icon":"audible.png"},"apple_podcasts":{"key":"apple_podcasts","url":"https:\/\/podcasts.apple.com\/us\/podcast\/eres-quello-que-miras\/id1893321025","label":"Apple Podcasts","class":"apple_podcasts","icon":"apple-podcasts.png"},"castbox":{"key":"castbox","url":"","label":"CastBox","class":"castbox","icon":"castbox.png"},"castro":{"key":"castro","url":"","label":"Castro","class":"castro","icon":"castro.png"},"google_podcasts":{"key":"google_podcasts","url":"","label":"Google Podcasts","class":"google_podcasts","icon":"google-podcasts.png"},"pocketcasts":{"key":"pocketcasts","url":"https:\/\/pca.st\/572n09h8","label":"PocketCasts","class":"pocketcasts","icon":"pocketcasts.png"},"rss":{"key":"rss","url":"https:\/\/andanafoto.com\/feed\/podcast\/eresaquelloquemiras\/","label":"RSS","class":"rss","icon":"rss.png"},"spotify":{"key":"spotify","url":"https:\/\/open.spotify.com\/show\/2OkUjYTCp8ZMsiYxkpxYCD","label":"Spotify","class":"spotify","icon":"spotify.png"},"spreaker":{"key":"spreaker","url":"https:\/\/www.spreaker.com\/podcast\/eres-quello-que-miras--6951799","label":"Spreaker","class":"spreaker","icon":"spreaker.png"},"stitcher":{"key":"stitcher","url":"","label":"Stitcher","class":"stitcher","icon":"stitcher.png"},"itunes":{"key":"itunes","url":"","label":"iTunes","class":"itunes","icon":"itunes.png"},"ivoox":{"key":"ivoox","url":"https:\/\/go.ivoox.com\/sq\/3148613","label":"iVoox","class":"ivoox","icon":"ivoox.png"}},"rssFeedUrl":"https:\/\/andanafoto.com\/en\/feed\/podcast\/eresaquelloquemiras","embedCode":"<blockquote class=\"wp-embedded-content\" data-secret=\"MTe1yooCpx\"><a href=\"https:\/\/andanafoto.com\/en\/podcast\/soy-amparo\/\">Soy amparo<\/a><\/blockquote><iframe sandbox=\"allow-scripts\" security=\"restricted\" src=\"https:\/\/andanafoto.com\/en\/podcast\/soy-amparo\/embed\/#?secret=MTe1yooCpx\" width=\"500\" height=\"350\" title=\"&#8220;Soy amparo&#8221; &#8212; ANDANAfoto.com\" data-secret=\"MTe1yooCpx\" frameborder=\"0\" marginwidth=\"0\" marginheight=\"0\" scrolling=\"no\" class=\"wp-embedded-content\"><\/iframe><script>\n\/*! This file is auto-generated *\/\n!function(d,l){\"use strict\";l.querySelector&&d.addEventListener&&\"undefined\"!=typeof URL&&(d.wp=d.wp||{},d.wp.receiveEmbedMessage||(d.wp.receiveEmbedMessage=function(e){var t=e.data;if((t||t.secret||t.message||t.value)&&!\/[^a-zA-Z0-9]\/.test(t.secret)){for(var s,r,n,a=l.querySelectorAll('iframe[data-secret=\"'+t.secret+'\"]'),o=l.querySelectorAll('blockquote[data-secret=\"'+t.secret+'\"]'),c=new RegExp(\"^https?:$\",\"i\"),i=0;i<o.length;i++)o[i].style.display=\"none\";for(i=0;i<a.length;i++)s=a[i],e.source===s.contentWindow&&(s.removeAttribute(\"style\"),\"height\"===t.message?(1e3<(r=parseInt(t.value,10))?r=1e3:~~r<200&&(r=200),s.height=r):\"link\"===t.message&&(r=new URL(s.getAttribute(\"src\")),n=new URL(t.value),c.test(n.protocol))&&n.host===r.host&&l.activeElement===s&&(d.top.location.href=t.value))}},d.addEventListener(\"message\",d.wp.receiveEmbedMessage,!1),l.addEventListener(\"DOMContentLoaded\",function(){for(var e,t,s=l.querySelectorAll(\"iframe.wp-embedded-content\"),r=0;r<s.length;r++)(t=(e=s[r]).getAttribute(\"data-secret\"))||(t=Math.random().toString(36).substring(2,12),e.src+=\"#?secret=\"+t,e.setAttribute(\"data-secret\",t)),e.contentWindow.postMessage({message:\"ready\",secret:t},\"*\")},!1)))}(window,document);\n\/\/# sourceURL=https:\/\/andanafoto.com\/wp-includes\/js\/wp-embed.min.js\n<\/script>\n"},"_links":{"self":[{"href":"https:\/\/andanafoto.com\/en\/wp-json\/wp\/v2\/podcast\/63428","targetHints":{"allow":["GET"]}}],"collection":[{"href":"https:\/\/andanafoto.com\/en\/wp-json\/wp\/v2\/podcast"}],"about":[{"href":"https:\/\/andanafoto.com\/en\/wp-json\/wp\/v2\/types\/podcast"}],"author":[{"embeddable":true,"href":"https:\/\/andanafoto.com\/en\/wp-json\/wp\/v2\/users\/2"}],"replies":[{"embeddable":true,"href":"https:\/\/andanafoto.com\/en\/wp-json\/wp\/v2\/comments?post=63428"}],"wp:attachment":[{"href":"https:\/\/andanafoto.com\/en\/wp-json\/wp\/v2\/media?parent=63428"}],"wp:term":[{"taxonomy":"post_tag","embeddable":true,"href":"https:\/\/andanafoto.com\/en\/wp-json\/wp\/v2\/tags?post=63428"},{"taxonomy":"series","embeddable":true,"href":"https:\/\/andanafoto.com\/en\/wp-json\/wp\/v2\/series?post=63428"},{"taxonomy":"speaker","embeddable":true,"href":"https:\/\/andanafoto.com\/en\/wp-json\/wp\/v2\/speaker?post=63428"}],"curies":[{"name":"wp","href":"https:\/\/api.w.org\/{rel}","templated":true}]}}

<p>&nbsp;</p>
<p>Ya estamos en el episodio 20 del podcast… y puede ser un buen momento para parar y presentarme.<br />
Mi nombre es Amparo Muñoz Morellá.<br />
Siempre me gusta decir también el apellido de mi madre… porque al nombrarlo, la visibilizo.<br />
Soy psicóloga de formación y de profesión, amante de la fotografía y divulgadora del uso de la fotografía como herramienta para el desarrollo personal.<br />
Y este espacio nace para eso.<br />
Para compartir contigo, algo importante:<br />
que eres aquello que miras.<br />
Que pensamos en imágenes.<br />
Que vivimos en imágenes.<br />
Y que hay imágenes transformadoras… capaces de cambiarnos y, quizá, también cambiar el mundo.<br />
Puedes encontrarme y seguir explorando todo esto en nuestro espacio online:<br />
andanafoto.com<br />
Si hay algún tema que te interesa especialmente, si hay algo que te gustaría que abordara en el podcast… escríbeme.<br />
Yo haré lo posible por llevarlo aquí.<br />
Gracias por escucharme</p>

<p>Ya estamos en el episodio 20 del podcast… y puede ser un buen momento para parar y presentarme.<br />
Mi nombre es Amparo Muñoz Morellá.</p>
