{"id":63380,"date":"2026-04-07T10:11:23","date_gmt":"2026-04-07T08:11:23","guid":{"rendered":"https:\/\/andanafoto.com\/?post_type=podcast&#038;p=63380"},"modified":"2026-04-08T15:07:52","modified_gmt":"2026-04-08T13:07:52","slug":"no-vemos-las-cosas-tal-como-son","status":"publish","type":"podcast","link":"https:\/\/andanafoto.com\/en\/podcast\/no-vemos-las-cosas-tal-como-son\/","title":{"rendered":"No vemos las cosas tal como son"},"content":{"rendered":"<p>&nbsp;<\/p>\n<p>La visi\u00f3n es un proceso f\u00edsico: la luz entra en el ojo y llega al cerebro.<br \/>\nPero la percepci\u00f3n es otra cosa.<br \/>\nEl cerebro interpreta lo que vemos en funci\u00f3n de nuestra experiencia, memoria y emoci\u00f3n.<br \/>\nPor eso, dos personas pueden mirar la misma escena\u2026 y percibir cosas diferentes.<br \/>\nNo vemos la realidad tal cual es,<br \/>\nvemos nuestra interpretaci\u00f3n.<br \/>\nNuestro estado interno influye.<br \/>\nSi estamos estresados, tendemos a fijarnos en lo urgente o lo negativo.<br \/>\nSi estamos en calma, percibimos m\u00e1s detalles y matices.<br \/>\nEn fotograf\u00eda, esto es fundamental.<br \/>\nNo se trata solo de encuadrar lo que est\u00e1 fuera,<br \/>\nsino de reconocer desde d\u00f3nde estamos mirando.<br \/>\nY precisamente eso es lo que quiero ense\u00f1arte:<br \/>\na desarrollar una mirada m\u00e1s consciente,<br \/>\nm\u00e1s afinada,<br \/>\nm\u00e1s conectada con lo que ocurre dentro y fuera de ti.<br \/>\nPorque como dec\u00eda virginia satir, no vemos las cosas tal como son las vemos tal como somos.<\/p>\n","protected":false},"excerpt":{"rendered":"<p>La visi\u00f3n es un proceso f\u00edsico: la luz entra en el ojo y llega al cerebro. Pero la percepci\u00f3n es otra cosa. El cerebro interpreta lo que vemos en funci\u00f3n de nuestra experiencia, memoria y emoci\u00f3n.<\/p>\n","protected":false},"author":2,"featured_media":0,"menu_order":0,"comment_status":"open","ping_status":"closed","template":"","meta":{"episode_type":"audio","audio_file":"https:\/\/episodes.castos.com\/69d6465704fec5-93769387\/2416426\/c1e-9z8n4s2d7ojtdjonv-1prngnqvs4j0-yvwmpq.mp3","podmotor_file_id":"2257808","podmotor_episode_id":"2416426","cover_image":"https:\/\/andanafoto.com\/wp-content\/uploads\/2024\/09\/ERES-AQUELLO-QUE-MIRAS-Podcat-portada-1080.jpg","cover_image_id":"58913","duration":"00:00:55","filesize":"865.73k","filesize_raw":"886509","date_recorded":"2026-04-07 10:10:55","explicit":"","block":"","itunes_episode_number":"","itunes_title":"","itunes_season_number":"","itunes_episode_type":""},"tags":[615,675,659,86,622,619,420,653],"series":[567],"speaker":[577],"class_list":["post-63380","podcast","type-podcast","status-publish","hentry","tag-fotografia-consciente","tag-interpretacion","tag-mente","tag-mirada","tag-neurociencia","tag-percepcion","tag-psicologia","tag-realidad-subjetiva","series-eresaquelloquemiras","speaker-amparo-munoz-morella","description-off"],"episode_featured_image":false,"episode_player_image":"https:\/\/andanafoto.com\/wp-content\/uploads\/2024\/09\/ERES-AQUELLO-QUE-MIRAS-Podcat-portada-1080.jpg","download_link":"https:\/\/andanafoto.com\/en\/podcast-download\/63380\/no-vemos-las-cosas-tal-como-son.mp3","player_link":"https:\/\/andanafoto.com\/en\/podcast-player\/63380\/no-vemos-las-cosas-tal-como-son.mp3","audio_player":null,"episode_data":{"playerMode":"dark","subscribeUrls":{"amazon":{"key":"amazon","url":"","label":"Amazon","class":"amazon","icon":"amazon.png"},"anchor":{"key":"anchor","url":"","label":"Anchor","class":"anchor","icon":"anchor.png"},"audible":{"key":"audible","url":"","label":"Audible","class":"audible","icon":"audible.png"},"apple_podcasts":{"key":"apple_podcasts","url":"https:\/\/podcasts.apple.com\/us\/podcast\/eres-quello-que-miras\/id1893321025","label":"Apple Podcasts","class":"apple_podcasts","icon":"apple-podcasts.png"},"castbox":{"key":"castbox","url":"","label":"CastBox","class":"castbox","icon":"castbox.png"},"castro":{"key":"castro","url":"","label":"Castro","class":"castro","icon":"castro.png"},"google_podcasts":{"key":"google_podcasts","url":"","label":"Google Podcasts","class":"google_podcasts","icon":"google-podcasts.png"},"pocketcasts":{"key":"pocketcasts","url":"https:\/\/pca.st\/572n09h8","label":"PocketCasts","class":"pocketcasts","icon":"pocketcasts.png"},"rss":{"key":"rss","url":"https:\/\/andanafoto.com\/feed\/podcast\/eresaquelloquemiras\/","label":"RSS","class":"rss","icon":"rss.png"},"spotify":{"key":"spotify","url":"https:\/\/open.spotify.com\/show\/2OkUjYTCp8ZMsiYxkpxYCD","label":"Spotify","class":"spotify","icon":"spotify.png"},"spreaker":{"key":"spreaker","url":"https:\/\/www.spreaker.com\/podcast\/eres-quello-que-miras--6951799","label":"Spreaker","class":"spreaker","icon":"spreaker.png"},"stitcher":{"key":"stitcher","url":"","label":"Stitcher","class":"stitcher","icon":"stitcher.png"},"itunes":{"key":"itunes","url":"","label":"iTunes","class":"itunes","icon":"itunes.png"},"ivoox":{"key":"ivoox","url":"https:\/\/go.ivoox.com\/sq\/3148613","label":"iVoox","class":"ivoox","icon":"ivoox.png"}},"rssFeedUrl":"https:\/\/andanafoto.com\/en\/feed\/podcast\/eresaquelloquemiras","embedCode":"<blockquote class=\"wp-embedded-content\" data-secret=\"2cUHt5gJX6\"><a href=\"https:\/\/andanafoto.com\/en\/podcast\/no-vemos-las-cosas-tal-como-son\/\">No vemos las cosas tal como son<\/a><\/blockquote><iframe sandbox=\"allow-scripts\" security=\"restricted\" src=\"https:\/\/andanafoto.com\/en\/podcast\/no-vemos-las-cosas-tal-como-son\/embed\/#?secret=2cUHt5gJX6\" width=\"500\" height=\"350\" title=\"&#8220;No vemos las cosas tal como son&#8221; &#8212; ANDANAfoto.com\" data-secret=\"2cUHt5gJX6\" frameborder=\"0\" marginwidth=\"0\" marginheight=\"0\" scrolling=\"no\" class=\"wp-embedded-content\"><\/iframe><script>\n\/*! This file is auto-generated *\/\n!function(d,l){\"use strict\";l.querySelector&&d.addEventListener&&\"undefined\"!=typeof URL&&(d.wp=d.wp||{},d.wp.receiveEmbedMessage||(d.wp.receiveEmbedMessage=function(e){var t=e.data;if((t||t.secret||t.message||t.value)&&!\/[^a-zA-Z0-9]\/.test(t.secret)){for(var s,r,n,a=l.querySelectorAll('iframe[data-secret=\"'+t.secret+'\"]'),o=l.querySelectorAll('blockquote[data-secret=\"'+t.secret+'\"]'),c=new RegExp(\"^https?:$\",\"i\"),i=0;i<o.length;i++)o[i].style.display=\"none\";for(i=0;i<a.length;i++)s=a[i],e.source===s.contentWindow&&(s.removeAttribute(\"style\"),\"height\"===t.message?(1e3<(r=parseInt(t.value,10))?r=1e3:~~r<200&&(r=200),s.height=r):\"link\"===t.message&&(r=new URL(s.getAttribute(\"src\")),n=new URL(t.value),c.test(n.protocol))&&n.host===r.host&&l.activeElement===s&&(d.top.location.href=t.value))}},d.addEventListener(\"message\",d.wp.receiveEmbedMessage,!1),l.addEventListener(\"DOMContentLoaded\",function(){for(var e,t,s=l.querySelectorAll(\"iframe.wp-embedded-content\"),r=0;r<s.length;r++)(t=(e=s[r]).getAttribute(\"data-secret\"))||(t=Math.random().toString(36).substring(2,12),e.src+=\"#?secret=\"+t,e.setAttribute(\"data-secret\",t)),e.contentWindow.postMessage({message:\"ready\",secret:t},\"*\")},!1)))}(window,document);\n\/\/# sourceURL=https:\/\/andanafoto.com\/wp-includes\/js\/wp-embed.min.js\n<\/script>\n"},"_links":{"self":[{"href":"https:\/\/andanafoto.com\/en\/wp-json\/wp\/v2\/podcast\/63380","targetHints":{"allow":["GET"]}}],"collection":[{"href":"https:\/\/andanafoto.com\/en\/wp-json\/wp\/v2\/podcast"}],"about":[{"href":"https:\/\/andanafoto.com\/en\/wp-json\/wp\/v2\/types\/podcast"}],"author":[{"embeddable":true,"href":"https:\/\/andanafoto.com\/en\/wp-json\/wp\/v2\/users\/2"}],"replies":[{"embeddable":true,"href":"https:\/\/andanafoto.com\/en\/wp-json\/wp\/v2\/comments?post=63380"}],"wp:attachment":[{"href":"https:\/\/andanafoto.com\/en\/wp-json\/wp\/v2\/media?parent=63380"}],"wp:term":[{"taxonomy":"post_tag","embeddable":true,"href":"https:\/\/andanafoto.com\/en\/wp-json\/wp\/v2\/tags?post=63380"},{"taxonomy":"series","embeddable":true,"href":"https:\/\/andanafoto.com\/en\/wp-json\/wp\/v2\/series?post=63380"},{"taxonomy":"speaker","embeddable":true,"href":"https:\/\/andanafoto.com\/en\/wp-json\/wp\/v2\/speaker?post=63380"}],"curies":[{"name":"wp","href":"https:\/\/api.w.org\/{rel}","templated":true}]}}

<p>&nbsp;</p>
<p>La visión es un proceso físico: la luz entra en el ojo y llega al cerebro.<br />
Pero la percepción es otra cosa.<br />
El cerebro interpreta lo que vemos en función de nuestra experiencia, memoria y emoción.<br />
Por eso, dos personas pueden mirar la misma escena… y percibir cosas diferentes.<br />
No vemos la realidad tal cual es,<br />
vemos nuestra interpretación.<br />
Nuestro estado interno influye.<br />
Si estamos estresados, tendemos a fijarnos en lo urgente o lo negativo.<br />
Si estamos en calma, percibimos más detalles y matices.<br />
En fotografía, esto es fundamental.<br />
No se trata solo de encuadrar lo que está fuera,<br />
sino de reconocer desde dónde estamos mirando.<br />
Y precisamente eso es lo que quiero enseñarte:<br />
a desarrollar una mirada más consciente,<br />
más afinada,<br />
más conectada con lo que ocurre dentro y fuera de ti.<br />
Porque como decía virginia satir, no vemos las cosas tal como son las vemos tal como somos.</p>

<p>La visión es un proceso físico: la luz entra en el ojo y llega al cerebro. Pero la percepción es otra cosa. El cerebro interpreta lo que vemos en función de nuestra experiencia, memoria y emoción.</p>
