{"id":63244,"date":"2026-03-30T00:58:22","date_gmt":"2026-03-29T22:58:22","guid":{"rendered":"https:\/\/andanafoto.com\/?post_type=podcast&#038;p=63244"},"modified":"2026-04-08T14:59:42","modified_gmt":"2026-04-08T12:59:42","slug":"reencuadrar-la-vida","status":"publish","type":"podcast","link":"https:\/\/andanafoto.com\/en\/podcast\/reencuadrar-la-vida\/","title":{"rendered":"Reencuadrar la vida"},"content":{"rendered":"<p>&nbsp;<\/p>\n<p>Muchas veces pensamos que la realidad es lo que vemos\u2026<br \/>\npero en realidad, es c\u00f3mo la miramos.<br \/>\nEl reencuadre es la capacidad de cambiar el significado de una situaci\u00f3n sin que la situaci\u00f3n cambie.<br \/>\nDesde la fotograf\u00eda esto es muy claro.<br \/>\nUn mismo lugar puede ser fotografiado de mil maneras distintas.<br \/>\nPuedes acercarte o alejarte, incluir o dejar fuera, cambiar el \u00e1ngulo, la luz, el momento.<br \/>\nY cada decisi\u00f3n transforma completamente la imagen.<br \/>\nLa escena es la misma.<br \/>\nPero el significado\u2026 no.<br \/>\nEsto tambi\u00e9n ocurre en nuestra vida.<br \/>\nNo siempre podemos cambiar lo que nos pasa.<br \/>\nPero s\u00ed podemos cambiar desde d\u00f3nde lo miramos.<br \/>\nReencuadrar no es negar la realidad.<br \/>\nEs abrir otras posibilidades de interpretaci\u00f3n.<br \/>\nEs preguntarte:<br \/>\n\u00bfqu\u00e9 m\u00e1s hay aqu\u00ed que no estoy viendo?<br \/>\nCuando entrenas esta mirada, algo se flexibiliza.<br \/>\nDejas de quedarte atrapada en una \u00fanica forma de entender las cosas\u2026<br \/>\ny aparece espacio.<br \/>\nEspacio para comprender.<br \/>\nPara soltar.<br \/>\nPara elegir.<br \/>\nPorque, a veces, no necesitas cambiar la imagen.<br \/>\nSolo necesitas cambiar el encuadre.<\/p>\n","protected":false},"excerpt":{"rendered":"<p>Muchas veces pensamos que la realidad es lo que vemos\u2026<br \/>\npero en realidad, es c\u00f3mo la miramos.<br \/>\nEl reencuadre es la capacidad de cambiar el significado de una situaci\u00f3n sin que la situaci\u00f3n cambie.<\/p>\n","protected":false},"author":2,"featured_media":0,"menu_order":0,"comment_status":"open","ping_status":"closed","template":"","meta":{"episode_type":"audio","audio_file":"https:\/\/episodes.castos.com\/69d6465704fec5-93769387\/2416438\/c1e-29r7gbqm215fv6d3q-250g1gxkhd13-powify.mp3","podmotor_file_id":"2257820","podmotor_episode_id":"2416438","cover_image":"https:\/\/andanafoto.com\/wp-content\/uploads\/2024\/09\/ERES-AQUELLO-QUE-MIRAS-Podcat-portada-1080.jpg","cover_image_id":"58913","duration":"00:00:59","filesize":"2.25M","filesize_raw":"2357333","date_recorded":"2026-03-30 00:57:55","explicit":"","block":"","itunes_episode_number":"","itunes_title":"","itunes_season_number":"","itunes_episode_type":""},"tags":[674,618,82,629,675,673,420,672],"series":[567],"speaker":[577],"class_list":["post-63244","podcast","type-podcast","status-publish","hentry","tag-cambio-de-mirada","tag-crecimiento-personal","tag-desarrollo-personal","tag-fotografia-creativa","tag-interpretacion","tag-perspectiva","tag-psicologia","tag-reencuadre","series-eresaquelloquemiras","speaker-amparo-munoz-morella","description-off"],"episode_featured_image":false,"episode_player_image":"https:\/\/andanafoto.com\/wp-content\/uploads\/2024\/09\/ERES-AQUELLO-QUE-MIRAS-Podcat-portada-1080.jpg","download_link":"https:\/\/andanafoto.com\/en\/podcast-download\/63244\/reencuadrar-la-vida.mp3","player_link":"https:\/\/andanafoto.com\/en\/podcast-player\/63244\/reencuadrar-la-vida.mp3","audio_player":null,"episode_data":{"playerMode":"dark","subscribeUrls":{"amazon":{"key":"amazon","url":"","label":"Amazon","class":"amazon","icon":"amazon.png"},"anchor":{"key":"anchor","url":"","label":"Anchor","class":"anchor","icon":"anchor.png"},"audible":{"key":"audible","url":"","label":"Audible","class":"audible","icon":"audible.png"},"apple_podcasts":{"key":"apple_podcasts","url":"https:\/\/podcasts.apple.com\/us\/podcast\/eres-quello-que-miras\/id1893321025","label":"Apple Podcasts","class":"apple_podcasts","icon":"apple-podcasts.png"},"castbox":{"key":"castbox","url":"","label":"CastBox","class":"castbox","icon":"castbox.png"},"castro":{"key":"castro","url":"","label":"Castro","class":"castro","icon":"castro.png"},"google_podcasts":{"key":"google_podcasts","url":"","label":"Google Podcasts","class":"google_podcasts","icon":"google-podcasts.png"},"pocketcasts":{"key":"pocketcasts","url":"https:\/\/pca.st\/572n09h8","label":"PocketCasts","class":"pocketcasts","icon":"pocketcasts.png"},"rss":{"key":"rss","url":"https:\/\/andanafoto.com\/feed\/podcast\/eresaquelloquemiras\/","label":"RSS","class":"rss","icon":"rss.png"},"spotify":{"key":"spotify","url":"https:\/\/open.spotify.com\/show\/2OkUjYTCp8ZMsiYxkpxYCD","label":"Spotify","class":"spotify","icon":"spotify.png"},"spreaker":{"key":"spreaker","url":"https:\/\/www.spreaker.com\/podcast\/eres-quello-que-miras--6951799","label":"Spreaker","class":"spreaker","icon":"spreaker.png"},"stitcher":{"key":"stitcher","url":"","label":"Stitcher","class":"stitcher","icon":"stitcher.png"},"itunes":{"key":"itunes","url":"","label":"iTunes","class":"itunes","icon":"itunes.png"},"ivoox":{"key":"ivoox","url":"https:\/\/go.ivoox.com\/sq\/3148613","label":"iVoox","class":"ivoox","icon":"ivoox.png"}},"rssFeedUrl":"https:\/\/andanafoto.com\/en\/feed\/podcast\/eresaquelloquemiras","embedCode":"<blockquote class=\"wp-embedded-content\" data-secret=\"jZw6iHUczE\"><a href=\"https:\/\/andanafoto.com\/en\/podcast\/reencuadrar-la-vida\/\">Reencuadrar la vida<\/a><\/blockquote><iframe sandbox=\"allow-scripts\" security=\"restricted\" src=\"https:\/\/andanafoto.com\/en\/podcast\/reencuadrar-la-vida\/embed\/#?secret=jZw6iHUczE\" width=\"500\" height=\"350\" title=\"&#8220;Reencuadrar la vida&#8221; &#8212; ANDANAfoto.com\" data-secret=\"jZw6iHUczE\" frameborder=\"0\" marginwidth=\"0\" marginheight=\"0\" scrolling=\"no\" class=\"wp-embedded-content\"><\/iframe><script>\n\/*! This file is auto-generated *\/\n!function(d,l){\"use strict\";l.querySelector&&d.addEventListener&&\"undefined\"!=typeof URL&&(d.wp=d.wp||{},d.wp.receiveEmbedMessage||(d.wp.receiveEmbedMessage=function(e){var t=e.data;if((t||t.secret||t.message||t.value)&&!\/[^a-zA-Z0-9]\/.test(t.secret)){for(var s,r,n,a=l.querySelectorAll('iframe[data-secret=\"'+t.secret+'\"]'),o=l.querySelectorAll('blockquote[data-secret=\"'+t.secret+'\"]'),c=new RegExp(\"^https?:$\",\"i\"),i=0;i<o.length;i++)o[i].style.display=\"none\";for(i=0;i<a.length;i++)s=a[i],e.source===s.contentWindow&&(s.removeAttribute(\"style\"),\"height\"===t.message?(1e3<(r=parseInt(t.value,10))?r=1e3:~~r<200&&(r=200),s.height=r):\"link\"===t.message&&(r=new URL(s.getAttribute(\"src\")),n=new URL(t.value),c.test(n.protocol))&&n.host===r.host&&l.activeElement===s&&(d.top.location.href=t.value))}},d.addEventListener(\"message\",d.wp.receiveEmbedMessage,!1),l.addEventListener(\"DOMContentLoaded\",function(){for(var e,t,s=l.querySelectorAll(\"iframe.wp-embedded-content\"),r=0;r<s.length;r++)(t=(e=s[r]).getAttribute(\"data-secret\"))||(t=Math.random().toString(36).substring(2,12),e.src+=\"#?secret=\"+t,e.setAttribute(\"data-secret\",t)),e.contentWindow.postMessage({message:\"ready\",secret:t},\"*\")},!1)))}(window,document);\n\/\/# sourceURL=https:\/\/andanafoto.com\/wp-includes\/js\/wp-embed.min.js\n<\/script>\n"},"_links":{"self":[{"href":"https:\/\/andanafoto.com\/en\/wp-json\/wp\/v2\/podcast\/63244","targetHints":{"allow":["GET"]}}],"collection":[{"href":"https:\/\/andanafoto.com\/en\/wp-json\/wp\/v2\/podcast"}],"about":[{"href":"https:\/\/andanafoto.com\/en\/wp-json\/wp\/v2\/types\/podcast"}],"author":[{"embeddable":true,"href":"https:\/\/andanafoto.com\/en\/wp-json\/wp\/v2\/users\/2"}],"replies":[{"embeddable":true,"href":"https:\/\/andanafoto.com\/en\/wp-json\/wp\/v2\/comments?post=63244"}],"wp:attachment":[{"href":"https:\/\/andanafoto.com\/en\/wp-json\/wp\/v2\/media?parent=63244"}],"wp:term":[{"taxonomy":"post_tag","embeddable":true,"href":"https:\/\/andanafoto.com\/en\/wp-json\/wp\/v2\/tags?post=63244"},{"taxonomy":"series","embeddable":true,"href":"https:\/\/andanafoto.com\/en\/wp-json\/wp\/v2\/series?post=63244"},{"taxonomy":"speaker","embeddable":true,"href":"https:\/\/andanafoto.com\/en\/wp-json\/wp\/v2\/speaker?post=63244"}],"curies":[{"name":"wp","href":"https:\/\/api.w.org\/{rel}","templated":true}]}}

<p>&nbsp;</p>
<p>Muchas veces pensamos que la realidad es lo que vemos…<br />
pero en realidad, es cómo la miramos.<br />
El reencuadre es la capacidad de cambiar el significado de una situación sin que la situación cambie.<br />
Desde la fotografía esto es muy claro.<br />
Un mismo lugar puede ser fotografiado de mil maneras distintas.<br />
Puedes acercarte o alejarte, incluir o dejar fuera, cambiar el ángulo, la luz, el momento.<br />
Y cada decisión transforma completamente la imagen.<br />
La escena es la misma.<br />
Pero el significado… no.<br />
Esto también ocurre en nuestra vida.<br />
No siempre podemos cambiar lo que nos pasa.<br />
Pero sí podemos cambiar desde dónde lo miramos.<br />
Reencuadrar no es negar la realidad.<br />
Es abrir otras posibilidades de interpretación.<br />
Es preguntarte:<br />
¿qué más hay aquí que no estoy viendo?<br />
Cuando entrenas esta mirada, algo se flexibiliza.<br />
Dejas de quedarte atrapada en una única forma de entender las cosas…<br />
y aparece espacio.<br />
Espacio para comprender.<br />
Para soltar.<br />
Para elegir.<br />
Porque, a veces, no necesitas cambiar la imagen.<br />
Solo necesitas cambiar el encuadre.</p>

<p>Muchas veces pensamos que la realidad es lo que vemos…<br />
pero en realidad, es cómo la miramos.<br />
El reencuadre es la capacidad de cambiar el significado de una situación sin que la situación cambie.</p>
