{"id":63227,"date":"2026-03-30T00:36:58","date_gmt":"2026-03-29T22:36:58","guid":{"rendered":"https:\/\/andanafoto.com\/?post_type=podcast&#038;p=63227"},"modified":"2026-04-08T14:55:12","modified_gmt":"2026-04-08T12:55:12","slug":"pensamos-en-imagenes","status":"publish","type":"podcast","link":"https:\/\/andanafoto.com\/en\/podcast\/pensamos-en-imagenes\/","title":{"rendered":"Pensamos en im\u00e1genes"},"content":{"rendered":"<p>&nbsp;<\/p>\n<p>Aunque muchas veces creemos que pensamos con palabras, el cerebro funciona de otra manera.<br \/>\nAntes de que aparezca una frase en tu mente, ya ha ocurrido algo m\u00e1s r\u00e1pido: una imagen.<br \/>\nLa neurociencia explica que el cerebro procesa la informaci\u00f3n visual con mucha m\u00e1s rapidez que el lenguaje.<br \/>\nDe hecho la imagen es primero, un beb\u00e9 reconoce a la mama antes de nombrarla.<br \/>\nCuando recuerdas algo importante, no recuerdas un discurso.<br \/>\nRecuerdas un lugar, unas personas, Una imagen.<br \/>\nEsto ocurre porque las \u00e1reas visuales del cerebro est\u00e1n profundamente conectadas con la emoci\u00f3n y la memoria.<br \/>\nPor eso, una imagen puede emocionarte en segundos\u2026<br \/>\ny una explicaci\u00f3n tarda m\u00e1s en hacerlo.<br \/>\nAdem\u00e1s, el cerebro no almacena la realidad de forma objetiva.<br \/>\nConstruye representaciones, Peque\u00f1as \u201cpel\u00edculas internas\u201d con lo has vivido, atendiendo a lo que deseas y amas<br \/>\nPor eso, dos personas pueden vivir la misma situaci\u00f3n\u2026y recordar im\u00e1genes completamente distintas.<br \/>\nNos narramos en im\u00e1genes<br \/>\nQuiz\u00e1 por eso, cuando piensas en alguien importante de tu vida\u2026<br \/>\nlo primero que aparece no son palabras.<br \/>\nSon im\u00e1genes.<\/p>\n","protected":false},"excerpt":{"rendered":"<p>Aunque muchas veces creemos que pensamos con palabras, el cerebro funciona de otra manera.<br \/>\nAntes de que aparezca una frase en tu mente, ya ha ocurrido algo m\u00e1s r\u00e1pido: una imagen.<\/p>\n","protected":false},"author":2,"featured_media":0,"menu_order":0,"comment_status":"open","ping_status":"closed","template":"","meta":{"episode_type":"audio","audio_file":"https:\/\/episodes.castos.com\/69d6465704fec5-93769387\/2416443\/c1e-6mg1kf7ov2wajz255-mkg8387wcz0n-sychoi.mp3","podmotor_file_id":"2257825","podmotor_episode_id":"2416443","cover_image":"https:\/\/andanafoto.com\/wp-content\/uploads\/2024\/09\/ERES-AQUELLO-QUE-MIRAS-Podcat-portada-1080.jpg","cover_image_id":"58913","duration":"00:01:00","filesize":"2.27M","filesize_raw":"2382411","date_recorded":"2026-03-30 00:35:59","explicit":"","block":"","itunes_episode_number":"","itunes_title":"","itunes_season_number":"","itunes_episode_type":""},"tags":[626,658,659,627,622,625,619,420],"series":[567],"speaker":[577],"class_list":["post-63227","podcast","type-podcast","status-publish","hentry","tag-imagenes-mentales","tag-memoria-y-emocion","tag-mente","tag-narrativa-personal","tag-neurociencia","tag-pensamiento-visual","tag-percepcion","tag-psicologia","series-eresaquelloquemiras","speaker-amparo-munoz-morella","description-off"],"episode_featured_image":false,"episode_player_image":"https:\/\/andanafoto.com\/wp-content\/uploads\/2024\/09\/ERES-AQUELLO-QUE-MIRAS-Podcat-portada-1080.jpg","download_link":"https:\/\/andanafoto.com\/en\/podcast-download\/63227\/pensamos-en-imagenes.mp3","player_link":"https:\/\/andanafoto.com\/en\/podcast-player\/63227\/pensamos-en-imagenes.mp3","audio_player":null,"episode_data":{"playerMode":"dark","subscribeUrls":{"amazon":{"key":"amazon","url":"","label":"Amazon","class":"amazon","icon":"amazon.png"},"anchor":{"key":"anchor","url":"","label":"Anchor","class":"anchor","icon":"anchor.png"},"audible":{"key":"audible","url":"","label":"Audible","class":"audible","icon":"audible.png"},"apple_podcasts":{"key":"apple_podcasts","url":"https:\/\/podcasts.apple.com\/us\/podcast\/eres-quello-que-miras\/id1893321025","label":"Apple Podcasts","class":"apple_podcasts","icon":"apple-podcasts.png"},"castbox":{"key":"castbox","url":"","label":"CastBox","class":"castbox","icon":"castbox.png"},"castro":{"key":"castro","url":"","label":"Castro","class":"castro","icon":"castro.png"},"google_podcasts":{"key":"google_podcasts","url":"","label":"Google Podcasts","class":"google_podcasts","icon":"google-podcasts.png"},"pocketcasts":{"key":"pocketcasts","url":"https:\/\/pca.st\/572n09h8","label":"PocketCasts","class":"pocketcasts","icon":"pocketcasts.png"},"rss":{"key":"rss","url":"https:\/\/andanafoto.com\/feed\/podcast\/eresaquelloquemiras\/","label":"RSS","class":"rss","icon":"rss.png"},"spotify":{"key":"spotify","url":"https:\/\/open.spotify.com\/show\/2OkUjYTCp8ZMsiYxkpxYCD","label":"Spotify","class":"spotify","icon":"spotify.png"},"spreaker":{"key":"spreaker","url":"https:\/\/www.spreaker.com\/podcast\/eres-quello-que-miras--6951799","label":"Spreaker","class":"spreaker","icon":"spreaker.png"},"stitcher":{"key":"stitcher","url":"","label":"Stitcher","class":"stitcher","icon":"stitcher.png"},"itunes":{"key":"itunes","url":"","label":"iTunes","class":"itunes","icon":"itunes.png"},"ivoox":{"key":"ivoox","url":"https:\/\/go.ivoox.com\/sq\/3148613","label":"iVoox","class":"ivoox","icon":"ivoox.png"}},"rssFeedUrl":"https:\/\/andanafoto.com\/en\/feed\/podcast\/eresaquelloquemiras","embedCode":"<blockquote class=\"wp-embedded-content\" data-secret=\"RXwpIJyLJs\"><a href=\"https:\/\/andanafoto.com\/en\/podcast\/pensamos-en-imagenes\/\">Pensamos en im\u00e1genes<\/a><\/blockquote><iframe sandbox=\"allow-scripts\" security=\"restricted\" src=\"https:\/\/andanafoto.com\/en\/podcast\/pensamos-en-imagenes\/embed\/#?secret=RXwpIJyLJs\" width=\"500\" height=\"350\" title=\"&#8220;Pensamos en im\u00e1genes&#8221; &#8212; ANDANAfoto.com\" data-secret=\"RXwpIJyLJs\" frameborder=\"0\" marginwidth=\"0\" marginheight=\"0\" scrolling=\"no\" class=\"wp-embedded-content\"><\/iframe><script>\n\/*! This file is auto-generated *\/\n!function(d,l){\"use strict\";l.querySelector&&d.addEventListener&&\"undefined\"!=typeof URL&&(d.wp=d.wp||{},d.wp.receiveEmbedMessage||(d.wp.receiveEmbedMessage=function(e){var t=e.data;if((t||t.secret||t.message||t.value)&&!\/[^a-zA-Z0-9]\/.test(t.secret)){for(var s,r,n,a=l.querySelectorAll('iframe[data-secret=\"'+t.secret+'\"]'),o=l.querySelectorAll('blockquote[data-secret=\"'+t.secret+'\"]'),c=new RegExp(\"^https?:$\",\"i\"),i=0;i<o.length;i++)o[i].style.display=\"none\";for(i=0;i<a.length;i++)s=a[i],e.source===s.contentWindow&&(s.removeAttribute(\"style\"),\"height\"===t.message?(1e3<(r=parseInt(t.value,10))?r=1e3:~~r<200&&(r=200),s.height=r):\"link\"===t.message&&(r=new URL(s.getAttribute(\"src\")),n=new URL(t.value),c.test(n.protocol))&&n.host===r.host&&l.activeElement===s&&(d.top.location.href=t.value))}},d.addEventListener(\"message\",d.wp.receiveEmbedMessage,!1),l.addEventListener(\"DOMContentLoaded\",function(){for(var e,t,s=l.querySelectorAll(\"iframe.wp-embedded-content\"),r=0;r<s.length;r++)(t=(e=s[r]).getAttribute(\"data-secret\"))||(t=Math.random().toString(36).substring(2,12),e.src+=\"#?secret=\"+t,e.setAttribute(\"data-secret\",t)),e.contentWindow.postMessage({message:\"ready\",secret:t},\"*\")},!1)))}(window,document);\n\/\/# sourceURL=https:\/\/andanafoto.com\/wp-includes\/js\/wp-embed.min.js\n<\/script>\n"},"_links":{"self":[{"href":"https:\/\/andanafoto.com\/en\/wp-json\/wp\/v2\/podcast\/63227","targetHints":{"allow":["GET"]}}],"collection":[{"href":"https:\/\/andanafoto.com\/en\/wp-json\/wp\/v2\/podcast"}],"about":[{"href":"https:\/\/andanafoto.com\/en\/wp-json\/wp\/v2\/types\/podcast"}],"author":[{"embeddable":true,"href":"https:\/\/andanafoto.com\/en\/wp-json\/wp\/v2\/users\/2"}],"replies":[{"embeddable":true,"href":"https:\/\/andanafoto.com\/en\/wp-json\/wp\/v2\/comments?post=63227"}],"wp:attachment":[{"href":"https:\/\/andanafoto.com\/en\/wp-json\/wp\/v2\/media?parent=63227"}],"wp:term":[{"taxonomy":"post_tag","embeddable":true,"href":"https:\/\/andanafoto.com\/en\/wp-json\/wp\/v2\/tags?post=63227"},{"taxonomy":"series","embeddable":true,"href":"https:\/\/andanafoto.com\/en\/wp-json\/wp\/v2\/series?post=63227"},{"taxonomy":"speaker","embeddable":true,"href":"https:\/\/andanafoto.com\/en\/wp-json\/wp\/v2\/speaker?post=63227"}],"curies":[{"name":"wp","href":"https:\/\/api.w.org\/{rel}","templated":true}]}}

Pensamos en imágenes

<p>&nbsp;</p>
<p>Aunque muchas veces creemos que pensamos con palabras, el cerebro funciona de otra manera.<br />
Antes de que aparezca una frase en tu mente, ya ha ocurrido algo más rápido: una imagen.<br />
La neurociencia explica que el cerebro procesa la información visual con mucha más rapidez que el lenguaje.<br />
De hecho la imagen es primero, un bebé reconoce a la mama antes de nombrarla.<br />
Cuando recuerdas algo importante, no recuerdas un discurso.<br />
Recuerdas un lugar, unas personas, Una imagen.<br />
Esto ocurre porque las áreas visuales del cerebro están profundamente conectadas con la emoción y la memoria.<br />
Por eso, una imagen puede emocionarte en segundos…<br />
y una explicación tarda más en hacerlo.<br />
Además, el cerebro no almacena la realidad de forma objetiva.<br />
Construye representaciones, Pequeñas “películas internas” con lo has vivido, atendiendo a lo que deseas y amas<br />
Por eso, dos personas pueden vivir la misma situación…y recordar imágenes completamente distintas.<br />
Nos narramos en imágenes<br />
Quizá por eso, cuando piensas en alguien importante de tu vida…<br />
lo primero que aparece no son palabras.<br />
Son imágenes.</p>

<p>Aunque muchas veces creemos que pensamos con palabras, el cerebro funciona de otra manera.<br />
Antes de que aparezca una frase en tu mente, ya ha ocurrido algo más rápido: una imagen.</p>

<blockquote class="wp-embedded-content" data-secret="RXwpIJyLJs"><a href="https://andanafoto.com/en/podcast/pensamos-en-imagenes/">Pensamos en imágenes</a></blockquote><iframe sandbox="allow-scripts" security="restricted" src="https://andanafoto.com/en/podcast/pensamos-en-imagenes/embed/#?secret=RXwpIJyLJs" width="500" height="350" title="&#8220;Pensamos en imágenes&#8221; &#8212; ANDANAfoto.com" data-secret="RXwpIJyLJs" frameborder="0" marginwidth="0" marginheight="0" scrolling="no" class="wp-embedded-content"></iframe><script>
/*! This file is auto-generated */
!function(d,l){"use strict";l.querySelector&&d.addEventListener&&"undefined"!=typeof URL&&(d.wp=d.wp||{},d.wp.receiveEmbedMessage||(d.wp.receiveEmbedMessage=function(e){var t=e.data;if((t||t.secret||t.message||t.value)&&!/[^a-zA-Z0-9]/.test(t.secret)){for(var s,r,n,a=l.querySelectorAll('iframe[data-secret="'+t.secret+'"]'),o=l.querySelectorAll('blockquote[data-secret="'+t.secret+'"]'),c=new RegExp("^https?:$","i"),i=0;i<o.length;i++)o[i].style.display="none";for(i=0;i<a.length;i++)s=a[i],e.source===s.contentWindow&&(s.removeAttribute("style"),"height"===t.message?(1e3<(r=parseInt(t.value,10))?r=1e3:~~r<200&&(r=200),s.height=r):"link"===t.message&&(r=new URL(s.getAttribute("src")),n=new URL(t.value),c.test(n.protocol))&&n.host===r.host&&l.activeElement===s&&(d.top.location.href=t.value))}},d.addEventListener("message",d.wp.receiveEmbedMessage,!1),l.addEventListener("DOMContentLoaded",function(){for(var e,t,s=l.querySelectorAll("iframe.wp-embedded-content"),r=0;r<s.length;r++)(t=(e=s[r]).getAttribute("data-secret"))||(t=Math.random().toString(36).substring(2,12),e.src+="#?secret="+t,e.setAttribute("data-secret",t)),e.contentWindow.postMessage({message:"ready",secret:t},"*")},!1)))}(window,document);
//# sourceURL=https://andanafoto.com/wp-includes/js/wp-embed.min.js
</script>
