{"id":63223,"date":"2026-03-30T00:25:45","date_gmt":"2026-03-29T22:25:45","guid":{"rendered":"https:\/\/andanafoto.com\/?post_type=podcast&#038;p=63223"},"modified":"2026-04-08T14:53:56","modified_gmt":"2026-04-08T12:53:56","slug":"eres-aquello-que-miras","status":"publish","type":"podcast","link":"https:\/\/andanafoto.com\/en\/podcast\/eres-aquello-que-miras\/","title":{"rendered":"Eres aquello que miras"},"content":{"rendered":"<p>&nbsp;<\/p>\n<p>Creemos que la fotograf\u00eda sirve para capturar lo que vemos\u2026 pero en realidad, nos ayuda a descubrir quienes somos<br \/>\nHay tantas decisiones cuando creas una imagen\u2026<br \/>\nqu\u00e9 eliges mirar, c\u00f3mo encuandras, qu\u00e9 perspectiva tomas, qu\u00e9 dejas fuera.<br \/>\nCada imagen que creas habla de ti.<br \/>\nDe lo que te llama la atenci\u00f3n.<br \/>\nDe lo que necesitas.<br \/>\nDe lo que, quiz\u00e1, a\u00fan no has puesto en palabras.<br \/>\nPorque no fotograf\u00edas solo con la c\u00e1mara.<br \/>\nFotografias con toda tu historia, tus referentes, tus ilusiones\u2026 y tambi\u00e9n tus preocupaciones.<br \/>\nY ah\u00ed es donde la fotograf\u00eda se convierte en una herramienta poderosa para el desarrollo personal.<br \/>\nCuando te detienes a mirar una imagen tuya\u2026 y te preguntas por qu\u00e9 hiciste esa foto, qu\u00e9 hay en ella de ti, qu\u00e9 te apasiona y qu\u00e9 no te gusta\u2026 empiezas a abrir una puerta.<br \/>\nEn Andanafoto entendemos la fotograf\u00eda como un lenguaje para expresarse.<br \/>\npara escucharte sin juicio.<br \/>\npara conocerte sin prisa.<br \/>\nHoy te propongo algo muy sencillo:<br \/>\nelige una de tus fotos y escribe sobre ella.<br \/>\nQuiz\u00e1 ah\u00ed empieces algo importante. En el pr\u00f3ximo minuto te cuento que pensamos en im\u00e1genes.<\/p>\n","protected":false},"excerpt":{"rendered":"<p>Creemos que la fotograf\u00eda sirve para capturar lo que vemos\u2026 pero en realidad, nos ayuda a descubrir quienes somos<br \/>\nHay tantas decisiones cuando creas una imagen\u2026<\/p>\n","protected":false},"author":2,"featured_media":0,"menu_order":0,"comment_status":"open","ping_status":"closed","template":"","meta":{"episode_type":"audio","audio_file":"https:\/\/episodes.castos.com\/69d6465704fec5-93769387\/2416444\/c1e-m5vx8s4qonzh3g6j3-pkwd0d2vcdmq-tmzcfp.mp3","podmotor_file_id":"2257826","podmotor_episode_id":"2416444","cover_image":"https:\/\/andanafoto.com\/wp-content\/uploads\/2024\/09\/ERES-AQUELLO-QUE-MIRAS-Podcat-portada-1080.jpg","cover_image_id":"58913","duration":"00:01:00","filesize":"2.29M","filesize_raw":"2406444","date_recorded":"2026-03-30 00:25:03","explicit":"","block":"","itunes_episode_number":"","itunes_title":"","itunes_season_number":"","itunes_episode_type":""},"tags":[202,82,639,615,205,348,631,649],"series":[567],"speaker":[577],"class_list":["post-63223","podcast","type-podcast","status-publish","hentry","tag-autoconocimiento","tag-desarrollo-personal","tag-expresion-personal","tag-fotografia-consciente","tag-identidad","tag-introspeccion","tag-lenguaje-visual","tag-mirada-interior","series-eresaquelloquemiras","speaker-amparo-munoz-morella","description-off"],"episode_featured_image":false,"episode_player_image":"https:\/\/andanafoto.com\/wp-content\/uploads\/2024\/09\/ERES-AQUELLO-QUE-MIRAS-Podcat-portada-1080.jpg","download_link":"https:\/\/andanafoto.com\/en\/podcast-download\/63223\/eres-aquello-que-miras.mp3","player_link":"https:\/\/andanafoto.com\/en\/podcast-player\/63223\/eres-aquello-que-miras.mp3","audio_player":null,"episode_data":{"playerMode":"dark","subscribeUrls":{"amazon":{"key":"amazon","url":"","label":"Amazon","class":"amazon","icon":"amazon.png"},"anchor":{"key":"anchor","url":"","label":"Anchor","class":"anchor","icon":"anchor.png"},"audible":{"key":"audible","url":"","label":"Audible","class":"audible","icon":"audible.png"},"apple_podcasts":{"key":"apple_podcasts","url":"https:\/\/podcasts.apple.com\/us\/podcast\/eres-quello-que-miras\/id1893321025","label":"Apple Podcasts","class":"apple_podcasts","icon":"apple-podcasts.png"},"castbox":{"key":"castbox","url":"","label":"CastBox","class":"castbox","icon":"castbox.png"},"castro":{"key":"castro","url":"","label":"Castro","class":"castro","icon":"castro.png"},"google_podcasts":{"key":"google_podcasts","url":"","label":"Google Podcasts","class":"google_podcasts","icon":"google-podcasts.png"},"pocketcasts":{"key":"pocketcasts","url":"https:\/\/pca.st\/572n09h8","label":"PocketCasts","class":"pocketcasts","icon":"pocketcasts.png"},"rss":{"key":"rss","url":"https:\/\/andanafoto.com\/feed\/podcast\/eresaquelloquemiras\/","label":"RSS","class":"rss","icon":"rss.png"},"spotify":{"key":"spotify","url":"https:\/\/open.spotify.com\/show\/2OkUjYTCp8ZMsiYxkpxYCD","label":"Spotify","class":"spotify","icon":"spotify.png"},"spreaker":{"key":"spreaker","url":"https:\/\/www.spreaker.com\/podcast\/eres-quello-que-miras--6951799","label":"Spreaker","class":"spreaker","icon":"spreaker.png"},"stitcher":{"key":"stitcher","url":"","label":"Stitcher","class":"stitcher","icon":"stitcher.png"},"itunes":{"key":"itunes","url":"","label":"iTunes","class":"itunes","icon":"itunes.png"},"ivoox":{"key":"ivoox","url":"https:\/\/go.ivoox.com\/sq\/3148613","label":"iVoox","class":"ivoox","icon":"ivoox.png"}},"rssFeedUrl":"https:\/\/andanafoto.com\/en\/feed\/podcast\/eresaquelloquemiras","embedCode":"<blockquote class=\"wp-embedded-content\" data-secret=\"LDsGVGIdIP\"><a href=\"https:\/\/andanafoto.com\/en\/podcast\/eres-aquello-que-miras\/\">Eres aquello que miras<\/a><\/blockquote><iframe sandbox=\"allow-scripts\" security=\"restricted\" src=\"https:\/\/andanafoto.com\/en\/podcast\/eres-aquello-que-miras\/embed\/#?secret=LDsGVGIdIP\" width=\"500\" height=\"350\" title=\"&#8220;Eres aquello que miras&#8221; &#8212; ANDANAfoto.com\" data-secret=\"LDsGVGIdIP\" frameborder=\"0\" marginwidth=\"0\" marginheight=\"0\" scrolling=\"no\" class=\"wp-embedded-content\"><\/iframe><script>\n\/*! This file is auto-generated *\/\n!function(d,l){\"use strict\";l.querySelector&&d.addEventListener&&\"undefined\"!=typeof URL&&(d.wp=d.wp||{},d.wp.receiveEmbedMessage||(d.wp.receiveEmbedMessage=function(e){var t=e.data;if((t||t.secret||t.message||t.value)&&!\/[^a-zA-Z0-9]\/.test(t.secret)){for(var s,r,n,a=l.querySelectorAll('iframe[data-secret=\"'+t.secret+'\"]'),o=l.querySelectorAll('blockquote[data-secret=\"'+t.secret+'\"]'),c=new RegExp(\"^https?:$\",\"i\"),i=0;i<o.length;i++)o[i].style.display=\"none\";for(i=0;i<a.length;i++)s=a[i],e.source===s.contentWindow&&(s.removeAttribute(\"style\"),\"height\"===t.message?(1e3<(r=parseInt(t.value,10))?r=1e3:~~r<200&&(r=200),s.height=r):\"link\"===t.message&&(r=new URL(s.getAttribute(\"src\")),n=new URL(t.value),c.test(n.protocol))&&n.host===r.host&&l.activeElement===s&&(d.top.location.href=t.value))}},d.addEventListener(\"message\",d.wp.receiveEmbedMessage,!1),l.addEventListener(\"DOMContentLoaded\",function(){for(var e,t,s=l.querySelectorAll(\"iframe.wp-embedded-content\"),r=0;r<s.length;r++)(t=(e=s[r]).getAttribute(\"data-secret\"))||(t=Math.random().toString(36).substring(2,12),e.src+=\"#?secret=\"+t,e.setAttribute(\"data-secret\",t)),e.contentWindow.postMessage({message:\"ready\",secret:t},\"*\")},!1)))}(window,document);\n\/\/# sourceURL=https:\/\/andanafoto.com\/wp-includes\/js\/wp-embed.min.js\n<\/script>\n"},"_links":{"self":[{"href":"https:\/\/andanafoto.com\/en\/wp-json\/wp\/v2\/podcast\/63223","targetHints":{"allow":["GET"]}}],"collection":[{"href":"https:\/\/andanafoto.com\/en\/wp-json\/wp\/v2\/podcast"}],"about":[{"href":"https:\/\/andanafoto.com\/en\/wp-json\/wp\/v2\/types\/podcast"}],"author":[{"embeddable":true,"href":"https:\/\/andanafoto.com\/en\/wp-json\/wp\/v2\/users\/2"}],"replies":[{"embeddable":true,"href":"https:\/\/andanafoto.com\/en\/wp-json\/wp\/v2\/comments?post=63223"}],"wp:attachment":[{"href":"https:\/\/andanafoto.com\/en\/wp-json\/wp\/v2\/media?parent=63223"}],"wp:term":[{"taxonomy":"post_tag","embeddable":true,"href":"https:\/\/andanafoto.com\/en\/wp-json\/wp\/v2\/tags?post=63223"},{"taxonomy":"series","embeddable":true,"href":"https:\/\/andanafoto.com\/en\/wp-json\/wp\/v2\/series?post=63223"},{"taxonomy":"speaker","embeddable":true,"href":"https:\/\/andanafoto.com\/en\/wp-json\/wp\/v2\/speaker?post=63223"}],"curies":[{"name":"wp","href":"https:\/\/api.w.org\/{rel}","templated":true}]}}

<p>&nbsp;</p>
<p>Creemos que la fotografía sirve para capturar lo que vemos… pero en realidad, nos ayuda a descubrir quienes somos<br />
Hay tantas decisiones cuando creas una imagen…<br />
qué eliges mirar, cómo encuandras, qué perspectiva tomas, qué dejas fuera.<br />
Cada imagen que creas habla de ti.<br />
De lo que te llama la atención.<br />
De lo que necesitas.<br />
De lo que, quizá, aún no has puesto en palabras.<br />
Porque no fotografías solo con la cámara.<br />
Fotografias con toda tu historia, tus referentes, tus ilusiones… y también tus preocupaciones.<br />
Y ahí es donde la fotografía se convierte en una herramienta poderosa para el desarrollo personal.<br />
Cuando te detienes a mirar una imagen tuya… y te preguntas por qué hiciste esa foto, qué hay en ella de ti, qué te apasiona y qué no te gusta… empiezas a abrir una puerta.<br />
En Andanafoto entendemos la fotografía como un lenguaje para expresarse.<br />
para escucharte sin juicio.<br />
para conocerte sin prisa.<br />
Hoy te propongo algo muy sencillo:<br />
elige una de tus fotos y escribe sobre ella.<br />
Quizá ahí empieces algo importante. En el próximo minuto te cuento que pensamos en imágenes.</p>

<p>Creemos que la fotografía sirve para capturar lo que vemos… pero en realidad, nos ayuda a descubrir quienes somos<br />
Hay tantas decisiones cuando creas una imagen…</p>
